000
CDUS45 KFGZ 280732
CLIPRC


CLIMATE REPORT
NATIONAL WEATHER SERVICE FLAGSTAFF, AZ
1232 AM MST SAT NOV 28 2020


...................................

...THE PRESCOTT AZ AIRPORT CLIMATE SUMMARY FOR NOVEMBER 27 2020...

CLIMATE NORMAL PERIOD 1981 TO 2010
CLIMATE RECORD PERIOD 1948 TO 2020


WEATHER ITEM   OBSERVED TIME   RECORD YEAR NORMAL DEPARTURE LAST
                VALUE   (LST)  VALUE       VALUE  FROM      YEAR
                                                  NORMAL
..................................................................
TEMPERATURE (F)
 YESTERDAY
  MAXIMUM         51    349 PM  74    1954  56     -5       49
  MINIMUM         28   1138 PM  14    1994  28      0       33
  AVERAGE         40                        42     -2       41

PRECIPITATION (IN)
  YESTERDAY        T             0.79 2008   0.04  -0.04     0.00
  MONTH TO DATE    0.15                      0.83  -0.68     1.26
  SINCE OCT 1      0.15                      1.75  -1.60     1.26
  SINCE JAN 1      6.63                     12.92  -6.29    11.55

DEGREE DAYS
 HEATING
  YESTERDAY       25                                2
  MONTH TO DATE  403                              -95
  SINCE JUL 1    558                             -246

 COOLING
  YESTERDAY        0                                0
  MONTH TO DATE    0                                0
  SINCE JAN 1   1302                              361
..................................................................


WIND (MPH)
  HIGHEST WIND SPEED    18   HIGHEST WIND DIRECTION    NW (320)
  HIGHEST GUST SPEED    22   HIGHEST GUST DIRECTION    NW (320)
  AVERAGE WIND SPEED     9.1


SKY COVER
  AVERAGE SKY COVER 0.1


WEATHER CONDITIONS
 THE FOLLOWING WEATHER WAS RECORDED YESTERDAY.
  LIGHT SNOW


RELATIVE HUMIDITY (PERCENT)
 HIGHEST    89
 LOWEST     27

..........................................................


THE PRESCOTT AZ AIRPORT CLIMATE NORMALS FOR TODAY
                         NORMAL    RECORD    YEAR
 MAXIMUM TEMPERATURE (F)   55        74      2014
 MINIMUM TEMPERATURE (F)   28         7      1976


SUNRISE AND SUNSET
NOVEMBER 28 2020......SUNRISE   716 AM MST   SUNSET   519 PM MST
NOVEMBER 29 2020......SUNRISE   717 AM MST   SUNSET   519 PM MST


-  INDICATES NEGATIVE NUMBERS.
R  INDICATES RECORD WAS SET OR TIED.
MM INDICATES DATA IS MISSING.
T  INDICATES TRACE AMOUNT.




$$
