802
CDUS45 KFGZ 130735
CLIPRC

CLIMATE REPORT
NATIONAL WEATHER SERVICE FLAGSTAFF AZ
1235 AM MST SUN JUN 13 2021

...................................

...THE PRESCOTT AZ AIRPORT CLIMATE SUMMARY FOR JUNE 12 2021...

CLIMATE NORMAL PERIOD 1991 TO 2020
CLIMATE RECORD PERIOD 1948 TO 2021


WEATHER ITEM   OBSERVED TIME   RECORD YEAR NORMAL DEPARTURE LAST
                VALUE   (LST)  VALUE       VALUE  FROM      YEAR
                                                  NORMAL
...................................................................
TEMPERATURE (F)
 YESTERDAY
  MAXIMUM         94    408 PM  98    1974  87      7       89
  MINIMUM         50    555 AM  40    1976  55     -5       55
  AVERAGE         72                        71      1       72

PRECIPITATION (IN)
  YESTERDAY        0.00          0.87 1955   0.00   0.00     0.00
  MONTH TO DATE    0.00                      0.07  -0.07      T
  SINCE OCT 1      3.13                      6.97  -3.84     9.05
  SINCE JAN 1      2.92                      4.46  -1.54     5.16

DEGREE DAYS
 HEATING
  YESTERDAY        0                         0      0        0
  MONTH TO DATE    0                        11    -11       15
  SINCE JUL 1   3964                      4054    -90     4007

 COOLING
  YESTERDAY        7                         6      1        7
  MONTH TO DATE   83                        60     23       68
  SINCE JAN 1    111                       106      5      148
...................................................................


WIND (MPH)
  HIGHEST WIND SPEED    18   HIGHEST WIND DIRECTION    SW (230)
  HIGHEST GUST SPEED    28   HIGHEST GUST DIRECTION     W (250)
  AVERAGE WIND SPEED     6.7


SKY COVER
  AVERAGE SKY COVER 0.0


WEATHER CONDITIONS
THE FOLLOWING WEATHER WAS RECORDED YESTERDAY.
  NO SIGNIFICANT WEATHER WAS OBSERVED.


RELATIVE HUMIDITY (PERCENT)
 HIGHEST    25
 LOWEST      4

..........................................................


THE PRESCOTT AZ AIRPORT CLIMATE NORMALS FOR TODAY
                         NORMAL    RECORD    YEAR
 MAXIMUM TEMPERATURE (F)   88        95      1987
 MINIMUM TEMPERATURE (F)   55        40      1998


SUNRISE AND SUNSET
JUNE 13 2021..........SUNRISE   516 AM MST   SUNSET   744 PM MST
JUNE 14 2021..........SUNRISE   516 AM MST   SUNSET   744 PM MST


-  INDICATES NEGATIVE NUMBERS.
R  INDICATES RECORD WAS SET OR TIED.
MM INDICATES DATA IS MISSING.
T  INDICATES TRACE AMOUNT.




$$
