000
CDUS46 KPDT 260842
CLIPSC

CLIMATE REPORT
NATIONAL WEATHER SERVICE PENDLETON OR
1242 AM PST THU NOV 26 2020

...................................

...THE PASCO WA CLIMATE SUMMARY FOR NOVEMBER 25 2020...

CLIMATE NORMAL PERIOD 1981 TO 2010
CLIMATE RECORD PERIOD 1894 TO 2020


WEATHER ITEM   OBSERVED TIME   RECORD YEAR NORMAL DEPARTURE LAST
                VALUE   (LST)  VALUE       VALUE  FROM      YEAR
                                                  NORMAL
...................................................................
TEMPERATURE (F)
 YESTERDAY
  MAXIMUM         50    335 PM  68    1962  45      5       54
  MINIMUM         28   1126 PM   2    1896  31     -3       24
  AVERAGE         39                        38      1       39

PRECIPITATION (IN)
  YESTERDAY        T             0.62 1977   0.03  -0.03     0.00
  MONTH TO DATE    1.21                      0.87   0.34     0.18
  SINCE SEP 1      1.52                      1.92  -0.40     1.21
  SINCE JAN 1      5.30                      7.40  -2.10     6.28

DEGREE DAYS
 HEATING
  YESTERDAY       26                        27     -1       26
  MONTH TO DATE  539                       570    -31      628
  SINCE SEP 1    923                      1076   -153     1192
  SINCE JUL 1    923                      1088   -165     1192

 COOLING
  YESTERDAY        0                         0      0        0
  MONTH TO DATE    0                         0      0        0
  SINCE SEP 1    115                        53     62      110
  SINCE JAN 1   1006                       710    296     1014
...................................................................


WIND (MPH)
  RESULTANT WIND SPEED   8   RESULTANT WIND DIRECTION  SW (230)
  HIGHEST WIND SPEED    23   HIGHEST WIND DIRECTION    SW (230)
  HIGHEST GUST SPEED    26   HIGHEST GUST DIRECTION    SW (230)


SKY COVER
  POSSIBLE SUNSHINE  MM
  AVERAGE SKY COVER 0.4


WEATHER CONDITIONS
THE FOLLOWING WEATHER WAS RECORDED YESTERDAY.
  LIGHT RAIN


RELATIVE HUMIDITY (PERCENT)
 HIGHEST    92
 LOWEST     61
 AVERAGE    77

..........................................................


THE PASCO WA CLIMATE NORMALS FOR TODAY
                         NORMAL    RECORD    YEAR
 MAXIMUM TEMPERATURE (F)   45        66      1949
                                             2000
 MINIMUM TEMPERATURE (F)   30         6      1993


SUNRISE AND SUNSET
NOVEMBER 26 2020......SUNRISE   713 AM PST   SUNSET   414 PM PST
NOVEMBER 27 2020......SUNRISE   715 AM PST   SUNSET   414 PM PST


-  INDICATES NEGATIVE NUMBERS.
R  INDICATES RECORD WAS SET OR TIED.
MM INDICATES DATA IS MISSING.
T  INDICATES TRACE AMOUNT.




$$
