814
CDUS41 KALY 282139
CLIPSF

CLIMATE REPORT
NATIONAL WEATHER SERVICE ALBANY NY
439 PM EST SAT NOV 28 2020

...................................

...THE PITTSFIELD MA CLIMATE SUMMARY FOR NOVEMBER 28 2020...
VALID TODAY AS OF 0400 PM LOCAL TIME.

CLIMATE NORMAL PERIOD: 1981 TO 2010
CLIMATE RECORD PERIOD: 9999 TO 9999


WEATHER ITEM   OBSERVED TIME   NORMAL DEPARTURE LAST
                VALUE   (LST)  VALUE  FROM      YEAR
                                      NORMAL
.......................................................
TEMPERATURE (F)
 TODAY
  MAXIMUM         48   1:50 PM  41      7       42
  MINIMUM         40   5:09 AM  26     14       29
  AVERAGE         44            33     11       36

PRECIPITATION (IN)
  TODAY            T             0.14  -0.14     0.20
  MONTH TO DATE    2.78          3.66  -0.88     3.82
  SINCE SEP 1     11.26         12.33  -1.07    15.32
  SINCE JAN 1     34.02         42.11  -8.09    43.38

DEGREE DAYS
 HEATING
  TODAY           21            32    -11       29
  MONTH TO DATE  606           752   -146      847
  SINCE SEP 1   1215          1510   -295     1424
  SINCE JUL 1   1240          1588   -348     1450

 COOLING
  TODAY            0             0      0        0
  MONTH TO DATE    0             0      0        0
  SINCE SEP 1     35            20     15       24
  SINCE JAN 1    581           290    291      416
.......................................................


WIND (MPH)
  HIGHEST WIND SPEED    18   HIGHEST WIND DIRECTION     W (270)
  HIGHEST GUST SPEED    27   HIGHEST GUST DIRECTION    NW (320)
  AVERAGE WIND SPEED     6.1


SKY COVER
  AVERAGE SKY COVER 1.0


RELATIVE HUMIDITY (PERCENT)
 HIGHEST    93           4:00 AM
 LOWEST     63           2:00 PM
 AVERAGE    78

..........................................................


THE PITTSFIELD MA CLIMATE NORMALS FOR TOMORROW
                         NORMAL    RECORD
 MAXIMUM TEMPERATURE (F)   41        MM
 MINIMUM TEMPERATURE (F)   26        MM


SUNRISE AND SUNSET
NOVEMBER 28 2020......SUNRISE   7:00 AM EST   SUNSET   4:22 PM EST
NOVEMBER 29 2020......SUNRISE   7:01 AM EST   SUNSET   4:22 PM EST


-  INDICATES NEGATIVE NUMBERS.
R  INDICATES RECORD WAS SET OR TIED.
MM INDICATES DATA IS MISSING.
T  INDICATES TRACE AMOUNT.




$$
