650
CDUS46 KSGX 130933
CLIPSP

CLIMATE REPORT
NATIONAL WEATHER SERVICE SAN DIEGO, CA
233 AM PDT SUN JUN 13 2021

...................................

...THE PALM SPRINGS INTL AIRPORT CA CLIMATE SUMMARY FOR JUNE 12 2021...

CLIMATE NORMAL PERIOD: 1991 TO 2020
CLIMATE RECORD PERIOD: 1893 TO 2021


WEATHER ITEM   OBSERVED TIME   RECORD YEAR NORMAL DEPARTURE LAST
                VALUE   (LST)  VALUE       VALUE  FROM      YEAR
                                                  NORMAL
...................................................................
TEMPERATURE (F)
 YESTERDAY
  MAXIMUM        110   3:02 PM 117    1940 103      7      105
  MINIMUM         73   5:11 AM  47    1976  72      1       70
  AVERAGE         92                        87      5       88

PRECIPITATION (IN)
  YESTERDAY        0.00          0.00 2018   0.00   0.00     0.00
                                      2019
                                      2020
  MONTH TO DATE    0.00                      0.00   0.00      T
  SINCE JUL 1      0.83                      4.61  -3.78     6.77
  SINCE OCT 1      0.83                      3.98  -3.15     5.79
  SINCE JAN 1      0.58                      2.87  -2.29     3.62

DEGREE DAYS
 HEATING
  YESTERDAY        0                         0      0        0
  MONTH TO DATE    0                         0      0        0
  SINCE JUN 1      0                         0      0        0
  SINCE JUL 1    561                       701   -140      701

 COOLING
  YESTERDAY       27                        22      5       23
  MONTH TO DATE  276                       249     27      271
  SINCE JUN 1    276                       249     27      271
  SINCE JAN 1   1280                      1159    121     1235
...................................................................


WIND (MPH)
  RESULTANT WIND SPEED   2   RESULTANT WIND DIRECTION   N (350)
  HIGHEST WIND SPEED    22   HIGHEST WIND DIRECTION    NW (330)
  HIGHEST GUST SPEED    26   HIGHEST GUST DIRECTION    NW (320)
  AVERAGE WIND SPEED     5.4


SKY COVER
  POSSIBLE SUNSHINE  MM
  AVERAGE SKY COVER 0.0


WEATHER CONDITIONS
THE FOLLOWING WEATHER WAS RECORDED YESTERDAY.
  LIGHT RAIN


RELATIVE HUMIDITY (PERCENT)
 HIGHEST    38           4:00 AM
 LOWEST      7           2:00 PM
 AVERAGE    23

..........................................................


THE PALM SPRINGS INTL AIRPORT CA CLIMATE NORMALS FOR TODAY
                         NORMAL    RECORD    YEAR
 MAXIMUM TEMPERATURE (F)  103       118      1940
 MINIMUM TEMPERATURE (F)   72        48      1943


SUNRISE AND SUNSET
JUNE 13 2021..........SUNRISE   5:35 AM PDT   SUNSET   7:58 PM PDT
JUNE 14 2021..........SUNRISE   5:35 AM PDT   SUNSET   7:58 PM PDT


-  INDICATES NEGATIVE NUMBERS.
R  INDICATES RECORD WAS SET OR TIED.
MM INDICATES DATA IS MISSING.
T  INDICATES TRACE AMOUNT.




$$
