309
CDUS46 KSGX 280926
CLIPSP


CLIMATE REPORT
NATIONAL WEATHER SERVICE SAN DIEGO, CA
126 AM PST SAT NOV 28 2020


...................................

...THE PALM SPRINGS INTL AIRPORT CA CLIMATE SUMMARY FOR NOVEMBER 27 2020...

CLIMATE NORMAL PERIOD 1981 TO 2010
CLIMATE RECORD PERIOD 1893 TO 2020


WEATHER ITEM   OBSERVED TIME   RECORD YEAR NORMAL DEPARTURE LAST
                VALUE   (LST)  VALUE       VALUE  FROM      YEAR
                                                  NORMAL
..................................................................
TEMPERATURE (F)
 YESTERDAY
  MAXIMUM         72    219 PM  92    1954  72      0       61
  MINIMUM         54    448 AM  34    1983  48      6       46
  AVERAGE         63                        60      3       54

PRECIPITATION (IN)
  YESTERDAY        0.00          0.67 1926   0.02  -0.02      T
  MONTH TO DATE    0.04                      0.46  -0.42     0.10
  SINCE OCT 1      0.04                      0.90  -0.86     0.10
  SINCE JAN 1      3.66                      4.79  -1.13     7.43

DEGREE DAYS
 HEATING
  YESTERDAY        2                         6     -4       11
  MONTH TO DATE   46                        73    -27       41
  SINCE SEP 1     46                        77    -31       53
  SINCE JUL 1     46                        77    -31       53

 COOLING
  YESTERDAY        0                         1     -1        0
  MONTH TO DATE  154                        75     79      170
  SINCE SEP 1   1527                      1053    474     1212
  SINCE JAN 1   5109                      4137    972     4517
..................................................................


WIND (MPH)
  RESULTANT WIND SPEED   1   RESULTANT WIND DIRECTION  SW (240)
  HIGHEST WIND SPEED    20   HIGHEST WIND DIRECTION     N (20)
  HIGHEST GUST SPEED    27   HIGHEST GUST DIRECTION     N (20)
  AVERAGE WIND SPEED     6.2


SKY COVER
  POSSIBLE SUNSHINE  MM
  AVERAGE SKY COVER 0.0


WEATHER CONDITIONS
 THE FOLLOWING WEATHER WAS RECORDED YESTERDAY.
  NO SIGNIFICANT WEATHER WAS OBSERVED.


RELATIVE HUMIDITY (PERCENT)
 HIGHEST    16           400 AM
 LOWEST      8           100 PM
 AVERAGE    12

..........................................................


THE PALM SPRINGS INTL AIRPORT CA CLIMATE NORMALS FOR TODAY
                         NORMAL    RECORD    YEAR
 MAXIMUM TEMPERATURE (F)   71        90      1953
 MINIMUM TEMPERATURE (F)   47        33      1952


SUNRISE AND SUNSET
NOVEMBER 28 2020......SUNRISE   631 AM PST   SUNSET   437 PM PST
NOVEMBER 29 2020......SUNRISE   632 AM PST   SUNSET   437 PM PST


-  INDICATES NEGATIVE NUMBERS.
R  INDICATES RECORD WAS SET OR TIED.
MM INDICATES DATA IS MISSING.
T  INDICATES TRACE AMOUNT.




$$
