752
CDUS45 KPUB 130020
CLIPUB

CLIMATE REPORT
NATIONAL WEATHER SERVICE
620 PM MDT SAT JUN 12 2021

...................................

...THE PUEBLO CO CLIMATE SUMMARY FOR JUNE 12 2021...
VALID TODAY AS OF 0500 PM LOCAL TIME.

CLIMATE NORMAL PERIOD 1991 TO 2020
CLIMATE RECORD PERIOD 1888 TO 2021


WEATHER ITEM   OBSERVED TIME   RECORD YEAR NORMAL DEPARTURE LAST
                VALUE   (LST)  VALUE       VALUE  FROM      YEAR
                                                  NORMAL
...................................................................
TEMPERATURE (F)
 TODAY
  MAXIMUM         92    310 PM 104    1981  88      4       93
  MINIMUM         48    351 AM  39    1947  54     -6       55
  AVERAGE         70                        71     -1       74

PRECIPITATION (IN)
  TODAY            0.00          1.25 1948   0.04  -0.04     0.00
  MONTH TO DATE    0.00                      0.54  -0.54     0.47
  SINCE JAN 1      7.26                      5.11   2.15     1.96

SNOWFALL (IN)
  TODAY            0.0           0.0  2001   0.0    0.0      0.0
                                      2002
  MONTH TO DATE    0.0                       0.0    0.0      0.0
  SINCE JUL 1     37.4                      28.3    9.1     36.2
  SNOW DEPTH       0

DEGREE DAYS
 HEATING
  TODAY            0                         1     -1        0
  MONTH TO DATE   11                        13     -2        7
  SINCE JUL 1   5453                      5330    123     5275

 COOLING
  TODAY            5                         6     -1        9
  MONTH TO DATE   77                        61     16      113
  SINCE JAN 1    113                       110      3      211
...................................................................


WIND (MPH)
  HIGHEST WIND SPEED    21   HIGHEST WIND DIRECTION     E (90)
  HIGHEST GUST SPEED    28   HIGHEST GUST DIRECTION    SE (120)
  AVERAGE WIND SPEED     5.0


SKY COVER
  POSSIBLE SUNSHINE  MM
  AVERAGE SKY COVER 0.0


WEATHER CONDITIONS
THE FOLLOWING WEATHER WAS RECORDED TODAY.
  NO SIGNIFICANT WEATHER WAS OBSERVED.


RELATIVE HUMIDITY (PERCENT)
 HIGHEST    68           400 AM
 LOWEST     23           300 PM
 AVERAGE    46

..........................................................


THE PUEBLO CO CLIMATE NORMALS FOR TOMORROW
                         NORMAL    RECORD    YEAR
 MAXIMUM TEMPERATURE (F)   88       101      1981
 MINIMUM TEMPERATURE (F)   54        38      1947


SUNRISE AND SUNSET
JUNE 12 2021..........SUNRISE   534 AM MDT   SUNSET   822 PM MDT
JUNE 13 2021..........SUNRISE   534 AM MDT   SUNSET   823 PM MDT


-  INDICATES NEGATIVE NUMBERS.
R  INDICATES RECORD WAS SET OR TIED.
MM INDICATES DATA IS MISSING.
T  INDICATES TRACE AMOUNT.




$$
