000
CDUS45 KPUB 280844
CLIPUB

CLIMATE REPORT
NATIONAL WEATHER SERVICE
144 AM MST SAT NOV 28 2020

...................................

...THE PUEBLO CO CLIMATE SUMMARY FOR NOVEMBER 27 2020...

CLIMATE NORMAL PERIOD 1981 TO 2010
CLIMATE RECORD PERIOD 1888 TO 2020


WEATHER ITEM   OBSERVED TIME   RECORD YEAR NORMAL DEPARTURE LAST
                VALUE   (LST)  VALUE       VALUE  FROM      YEAR
                                                  NORMAL
...................................................................
TEMPERATURE (F)
 YESTERDAY
  MAXIMUM         47    348 PM  82    2017  50     -3       31
  MINIMUM         22   1109 PM -11    1952  18      4       11
                                      1976
  AVERAGE         35                        34      1       21

PRECIPITATION (IN)
  YESTERDAY        0.00          0.66 1923   0.01  -0.01     0.00
  MONTH TO DATE    0.03                      0.42  -0.39     0.50
  SINCE JAN 1      5.18                     12.14  -6.96    12.81

SNOWFALL (IN)
  YESTERDAY        0.0           7.4  1923   0.2   -0.2      0.0
  MONTH TO DATE    T                         3.9   -3.9      5.0
  SINCE JUL 1     11.9                       5.5    6.4     17.0
  SNOW DEPTH       0

DEGREE DAYS
 HEATING
  YESTERDAY       30                        31     -1       44
  MONTH TO DATE  521                       676   -155      702
  SINCE JUL 1   1048                      1186   -138     1284

 COOLING
  YESTERDAY        0                         0      0        0
  MONTH TO DATE    0                         0      0        0
  SINCE JAN 1   1406                       897    509     1226
...................................................................


WIND (MPH)
  HIGHEST WIND SPEED    15   HIGHEST WIND DIRECTION     N (20)
  HIGHEST GUST SPEED    19   HIGHEST GUST DIRECTION     N (10)
  AVERAGE WIND SPEED     4.6


SKY COVER
  POSSIBLE SUNSHINE  MM
  AVERAGE SKY COVER 0.4


WEATHER CONDITIONS
THE FOLLOWING WEATHER WAS RECORDED YESTERDAY.
  NO SIGNIFICANT WEATHER WAS OBSERVED.


RELATIVE HUMIDITY (PERCENT)
 HIGHEST    77          1100 PM
 LOWEST     43           200 PM
 AVERAGE    60

..........................................................


THE PUEBLO CO CLIMATE NORMALS FOR TODAY
                         NORMAL    RECORD    YEAR
 MAXIMUM TEMPERATURE (F)   50        75      1998
                                             2014
 MINIMUM TEMPERATURE (F)   18       -16      1896


SUNRISE AND SUNSET
NOVEMBER 28 2020......SUNRISE   654 AM MST   SUNSET   439 PM MST
NOVEMBER 29 2020......SUNRISE   655 AM MST   SUNSET   438 PM MST


-  INDICATES NEGATIVE NUMBERS.
R  INDICATES RECORD WAS SET OR TIED.
MM INDICATES DATA IS MISSING.
T  INDICATES TRACE AMOUNT.




$$
