000
CDUS46 KOTX 290839
CLIPUW

CLIMATE REPORT
NATIONAL WEATHER SERVICE SPOKANE WA
1239 AM PST SUN NOV 29 2020

...................................

...THE PULLMAN_MOSCOW  AIRPORT CLIMATE SUMMARY FOR NOVEMBER 28 2020...

CLIMATE NORMAL PERIOD 1981 TO 2010
CLIMATE RECORD PERIOD 9999 TO 9999


WEATHER ITEM   OBSERVED TIME   RECORD YEAR NORMAL DEPARTURE LAST
                VALUE   (LST)  VALUE       VALUE  FROM      YEAR
                                                  NORMAL
...................................................................
TEMPERATURE (F)
 YESTERDAY
  MAXIMUM         42    247 PM  55    1904  38      4       37
                                      1932
  MINIMUM         33   1029 PM  -8    1896  28      5       15
  AVERAGE         38                        33      5       26

PRECIPITATION (IN)
  YESTERDAY        0.00          0.73 1995   0.07  -0.07     0.00
  MONTH TO DATE    2.77                      2.13   0.64     0.44
  SINCE OCT 1      5.07                      3.47   1.60     2.34
  SINCE JAN 1     19.06                     15.16   3.90    15.30

SNOWFALL (IN)
  YESTERDAY       MM

DEGREE DAYS
 HEATING
  YESTERDAY       27                        32     -5       39
  MONTH TO DATE  711                       773    -62      709
  SINCE SEP 1   1326                      1546   -220     1518
  SINCE JUL 1   1420                      1679   -259     1574

 COOLING
  YESTERDAY        0                         0      0        0
  MONTH TO DATE    0                         0      0        0
  SINCE SEP 1     37                        23     14       29
  SINCE JAN 1    291                       213     78      267
...................................................................


WIND (MPH)
  HIGHEST WIND SPEED    18   HIGHEST WIND DIRECTION    SE (130)
  HIGHEST GUST SPEED    23   HIGHEST GUST DIRECTION    SE (130)
  AVERAGE WIND SPEED     9.2


SKY COVER
  POSSIBLE SUNSHINE  MM
  AVERAGE SKY COVER 0.4


WEATHER CONDITIONS
THE FOLLOWING WEATHER WAS RECORDED YESTERDAY.
  NO SIGNIFICANT WEATHER WAS OBSERVED.


RELATIVE HUMIDITY (PERCENT)
 HIGHEST    81          1000 PM
 LOWEST     67          1200 AM
 AVERAGE    74

..........................................................


THE PULLMAN_MOSCOW  AIRPORT CLIMATE NORMALS FOR TODAY
                         NORMAL    RECORD    YEAR
 MAXIMUM TEMPERATURE (F)   38        55      1941
                                             1995
 MINIMUM TEMPERATURE (F)   27        -2      1985


SUNRISE AND SUNSET
NOVEMBER 29 2020......SUNRISE   711 AM PST   SUNSET   403 PM PST
NOVEMBER 30 2020......SUNRISE   712 AM PST   SUNSET   402 PM PST


-  INDICATES NEGATIVE NUMBERS.
R  INDICATES RECORD WAS SET OR TIED.
MM INDICATES DATA IS MISSING.
T  INDICATES TRACE AMOUNT.




$$
