000
CDUS41 KBOX 290707
CLIPVD


CLIMATE REPORT
NATIONAL WEATHER SERVICE BOSTON/NORTON MA
156 AM EST SUN NOV 29 2020


...................................

...THE PROVIDENCE RI CLIMATE SUMMARY FOR NOVEMBER 28 2020...

CLIMATE NORMAL PERIOD 1981 TO 2010
CLIMATE RECORD PERIOD 1904 TO 2020


WEATHER ITEM   OBSERVED TIME   RECORD YEAR NORMAL DEPARTURE LAST
                VALUE   (LST)  VALUE       VALUE  FROM      YEAR
                                                  NORMAL
..................................................................
TEMPERATURE (F)
 YESTERDAY
  MAXIMUM         55    206 PM  72    1990  49      6       52
  MINIMUM         38   1143 PM  13    1904  32      6       34
  AVERAGE         47                        40      7       43

PRECIPITATION (IN)
  YESTERDAY        0.00          3.14 1937   0.16  -0.16     0.01
  MONTH TO DATE    3.24                      4.19  -0.95     2.74
  SINCE SEP 1     10.11                     12.04  -1.93     9.55
  SINCE JAN 1     33.89                     42.64  -8.75    43.86

SNOWFALL (IN)
  YESTERDAY        0.0           2.6  1917   0.1   -0.1      0.0
  MONTH TO DATE    0.0                       1.3   -1.3       T
  SINCE SEP 1      1.6                       1.3    0.3       T
  SINCE JUL 1      1.6                       1.3    0.3       T
  SNOW DEPTH       0

DEGREE DAYS
 HEATING
  YESTERDAY       18                        25     -7       22
  MONTH TO DATE  455                       568   -113      668
  SINCE SEP 1    812                      1017   -205     1001
  SINCE JUL 1    812                      1026   -214     1004

 COOLING
  YESTERDAY        0                         0      0        0
  MONTH TO DATE    0                         0      0        0
  SINCE SEP 1    105                        88     17       86
  SINCE JAN 1   1043                       744    299      871
..................................................................


WIND (MPH)
  RESULTANT WIND SPEED   5   RESULTANT WIND DIRECTION   W (290)
  HIGHEST WIND SPEED    14   HIGHEST WIND DIRECTION    NW (310)
  HIGHEST GUST SPEED    20   HIGHEST GUST DIRECTION    NW (300)
  AVERAGE WIND SPEED     5.6


SKY COVER
  POSSIBLE SUNSHINE  MM
  AVERAGE SKY COVER 0.7


WEATHER CONDITIONS
 THE FOLLOWING WEATHER WAS RECORDED YESTERDAY.
  NO SIGNIFICANT WEATHER WAS OBSERVED.


RELATIVE HUMIDITY (PERCENT)
 HIGHEST    93           100 AM
 LOWEST     46          1200 PM
 AVERAGE    70

..........................................................


THE PROVIDENCE RI CLIMATE NORMALS FOR TODAY
                         NORMAL    RECORD    YEAR
 MAXIMUM TEMPERATURE (F)   48        65      2011
 MINIMUM TEMPERATURE (F)   32        12      1904


SUNRISE AND SUNSET
NOVEMBER 29 2020......SUNRISE   652 AM EST   SUNSET   416 PM EST
NOVEMBER 30 2020......SUNRISE   653 AM EST   SUNSET   416 PM EST


-  INDICATES NEGATIVE NUMBERS.
R  INDICATES RECORD WAS SET OR TIED.
MM INDICATES DATA IS MISSING.
T  INDICATES TRACE AMOUNT.




$$
