000
CDUS43 KLOT 290635
CLIPWK


CLIMATE REPORT
NATIONAL WEATHER SERVICE CHICAGO IL
1235 AM CST SUN NOV 29 2020


...................................

...THE CHICAGO EXECUTIVE CLIMATE SUMMARY FOR NOVEMBER 28 2020...

CLIMATE NORMAL PERIOD 1981 TO 2010
CLIMATE RECORD PERIOD 1996 TO 2020


WEATHER ITEM   OBSERVED TIME   RECORD YEAR NORMAL DEPARTURE LAST
                VALUE   (LST)  VALUE       VALUE  FROM      YEAR
                                                  NORMAL
..................................................................
TEMPERATURE (F)
 YESTERDAY
  MAXIMUM         50    350 PM  65    1998  42      8       38
  MINIMUM         26    351 AM  13    2018  27     -1       32
                                      2002
  AVERAGE         38                        34      4       35

PRECIPITATION (IN)
  YESTERDAY        0.00          0.98 2016   0.09  -0.09     0.02
  MONTH TO DATE    1.80                      2.71  -0.91     1.12
  SINCE SEP 1      8.62                      8.86  -0.24    13.68
  SINCE JAN 1     33.81                     31.34   2.47    43.00

DEGREE DAYS
 HEATING
  YESTERDAY       27                        31     -4       30
  MONTH TO DATE  491                       686   -195      826
  SINCE SEP 1   1004                      1197   -193     1252
  SINCE JUL 1   1004                      1207   -203     1252

 COOLING
  YESTERDAY        0                         0      0        0
  MONTH TO DATE    4                         0      4        0
  SINCE SEP 1     88                        92     -4      189
  SINCE JAN 1   1151                       789    362      996
..................................................................


WIND (MPH)
  RESULTANT WIND SPEED   7   RESULTANT WIND DIRECTION  SW (210)
  HIGHEST WIND SPEED    15   HIGHEST WIND DIRECTION     S (190)
  HIGHEST GUST SPEED    24   HIGHEST GUST DIRECTION    SW (240)
  AVERAGE WIND SPEED     8.0



WEATHER CONDITIONS
 THE FOLLOWING WEATHER WAS RECORDED YESTERDAY.
  NO SIGNIFICANT WEATHER WAS OBSERVED.


..........................................................


THE CHICAGO EXECUTIVE CLIMATE NORMALS FOR TODAY
                         NORMAL    RECORD    YEAR
 MAXIMUM TEMPERATURE (F)   41        67      1998
 MINIMUM TEMPERATURE (F)   26        14      2013


SUNRISE AND SUNSET
NOVEMBER 29 2020......SUNRISE   659 AM CST   SUNSET   421 PM CST
NOVEMBER 30 2020......SUNRISE   700 AM CST   SUNSET   421 PM CST


-  INDICATES NEGATIVE NUMBERS.
R  INDICATES RECORD WAS SET OR TIED.
MM INDICATES DATA IS MISSING.
T  INDICATES TRACE AMOUNT.




$$
