803
CDUS46 KSGX 260932
CLIRAL


CLIMATE REPORT
NATIONAL WEATHER SERVICE SAN DIEGO, CA
132 AM PST THU NOV 26 2020


...................................

...THE RIVERSIDE MUNI AIRPORT CA CLIMATE SUMMARY FOR NOVEMBER 25 2020...

CLIMATE NORMAL PERIOD 1981 TO 2010
CLIMATE RECORD PERIOD 1893 TO 2020


WEATHER ITEM   OBSERVED TIME   RECORD YEAR NORMAL DEPARTURE LAST
                VALUE   (LST)  VALUE       VALUE  FROM      YEAR
                                                  NORMAL
..................................................................
TEMPERATURE (F)
 YESTERDAY
  MAXIMUM         69    247 PM  94    1933  71     -2       70
  MINIMUM         43    715 AM  27    1952  45     -2       41
  AVERAGE         56                        58     -2       56

PRECIPITATION (IN)
  YESTERDAY        0.00          0.84 1983   0.03  -0.03     0.00
  MONTH TO DATE    0.16                      0.82  -0.66     0.09
  SINCE OCT 1      0.16                      1.10  -0.94     0.09
  SINCE JAN 1      6.59                     10.69  -4.10    10.24

DEGREE DAYS
 HEATING
  YESTERDAY        9                         8      1        9
  MONTH TO DATE  119                       124     -5       44
  SINCE SEP 1    126                       159    -33       60
  SINCE JUL 1    126                       159    -33       60

 COOLING
  YESTERDAY        0                         0      0        0
  MONTH TO DATE   54                        24     30       48
  SINCE SEP 1    811                       495    316      598
  SINCE JAN 1   2349                      1753    596     1878
..................................................................


WIND (MPH)
  RESULTANT WIND SPEED   1   RESULTANT WIND DIRECTION  NW (300)
  HIGHEST WIND SPEED     9   HIGHEST WIND DIRECTION     W (260)
  HIGHEST GUST SPEED    14   HIGHEST GUST DIRECTION     W (270)
  AVERAGE WIND SPEED     3.6


SKY COVER
  POSSIBLE SUNSHINE  MM
  AVERAGE SKY COVER 0.0


WEATHER CONDITIONS
 THE FOLLOWING WEATHER WAS RECORDED YESTERDAY.
  FOG
  HAZE


RELATIVE HUMIDITY (PERCENT)
 HIGHEST    83           500 AM
 LOWEST     39           300 PM
 AVERAGE    61

..........................................................


THE RIVERSIDE MUNI AIRPORT CA CLIMATE NORMALS FOR TODAY
                         NORMAL    RECORD    YEAR
 MAXIMUM TEMPERATURE (F)   70        92      1933
 MINIMUM TEMPERATURE (F)   44        27      1931


SUNRISE AND SUNSET
NOVEMBER 26 2020......SUNRISE   633 AM PST   SUNSET   441 PM PST
NOVEMBER 27 2020......SUNRISE   634 AM PST   SUNSET   441 PM PST


-  INDICATES NEGATIVE NUMBERS.
R  INDICATES RECORD WAS SET OR TIED.
MM INDICATES DATA IS MISSING.
T  INDICATES TRACE AMOUNT.




$$
