000
CDUS43 KUNR 290032
CLIRAP

CLIMATE REPORT
NATIONAL WEATHER SERVICE RAPID CITY SD
532 PM MST SAT NOV 28 2020

...................................

...THE RAPID CITY AIRPORT SD CLIMATE SUMMARY FOR NOVEMBER 28 2020...
VALID TODAY AS OF 0500 PM LOCAL TIME.

CLIMATE NORMAL PERIOD 1981 TO 2010
CLIMATE RECORD PERIOD 1942 TO 2020


WEATHER ITEM   OBSERVED TIME   RECORD YEAR NORMAL DEPARTURE LAST
                VALUE   (LST)  VALUE       VALUE  FROM      YEAR
                                                  NORMAL
...................................................................
TEMPERATURE (F)
 TODAY
  MAXIMUM         64    148 PM  68    2002  41     23       30
  MINIMUM         23    705 AM -14    1985  17      6       15
  AVERAGE         44                        29     15       23

PRECIPITATION (IN)
  TODAY            0.00          0.10 1988   0.01  -0.01     0.00
                                      1991
                                      2015
  MONTH TO DATE    0.14                      0.51  -0.37     0.45
  SINCE SEP 1      2.20                      3.22  -1.02     4.47
  SINCE JAN 1     12.57                     15.85  -3.28    27.49

DEGREE DAYS
 HEATING
  TODAY           21                        36    -15       42
  MONTH TO DATE  680                       839   -159      895
  SINCE SEP 1   1580                      1564     16     1868
  SINCE JUL 1   1594                      1601     -7     1895

 COOLING
  TODAY            0                         0      0        0
  MONTH TO DATE    0                         0      0        0
  SINCE SEP 1     44                        64    -20       59
  SINCE JAN 1    686                       636     50      399
...................................................................


WIND (MPH)
  HIGHEST WIND SPEED    20   HIGHEST WIND DIRECTION     N (360)
  HIGHEST GUST SPEED    25   HIGHEST GUST DIRECTION     N (10)
  AVERAGE WIND SPEED     5.0


SKY COVER
  AVERAGE SKY COVER 0.0


WEATHER CONDITIONS
THE FOLLOWING WEATHER WAS RECORDED TODAY.
  NO SIGNIFICANT WEATHER WAS OBSERVED.


RELATIVE HUMIDITY (PERCENT)
 HIGHEST    58           100 AM
 LOWEST     10           100 PM
 AVERAGE    34

..........................................................


THE RAPID CITY AIRPORT SD CLIMATE NORMALS FOR TOMORROW
                         NORMAL    RECORD    YEAR
 MAXIMUM TEMPERATURE (F)   40        70      1973
 MINIMUM TEMPERATURE (F)   16        -6      1964


SUNRISE AND SUNSET
NOVEMBER 28 2020......SUNRISE   704 AM MST   SUNSET   416 PM MST
NOVEMBER 29 2020......SUNRISE   705 AM MST   SUNSET   416 PM MST


-  INDICATES NEGATIVE NUMBERS.
R  INDICATES RECORD WAS SET OR TIED.
MM INDICATES DATA IS MISSING.
T  INDICATES TRACE AMOUNT.




$$
