214
CDUS46 KMFR 290831
CLIRBG

CLIMATE REPORT
NATIONAL WEATHER SERVICE MEDFORD, OR
1231 AM PST SUN NOV 29 2020

...................................

...THE ROSEBURG OR CLIMATE SUMMARY FOR NOVEMBER 28 2020...

CLIMATE NORMAL PERIOD 1981 TO 2010
CLIMATE RECORD PERIOD 1931 TO 2020


WEATHER ITEM   OBSERVED TIME   RECORD YEAR NORMAL DEPARTURE LAST
                VALUE   (LST)  VALUE       VALUE  FROM      YEAR
                                                  NORMAL
...................................................................
TEMPERATURE (F)
 YESTERDAY
  MAXIMUM         47    313 PM  67    1941  50     -3       43
  MINIMUM         34   1013 PM  21    1952  38     -4       34
  AVERAGE         41                        44     -3       39

PRECIPITATION (IN)
  YESTERDAY        0.00          1.71 1984   0.24  -0.24     0.00
  MONTH TO DATE    3.73                      5.88  -2.15     1.40
  SINCE OCT 1      4.70                      8.55  -3.85     2.19
  SINCE JAN 1     21.86                     29.16  -7.30    27.51

SNOWFALL (IN)
  YESTERDAY       MM                        MM     MM       MM
  MONTH TO DATE   MM                         0.0   MM       MM
  SINCE JUL 1     MM                        MM     MM        0.0
  SNOW DEPTH      MM

DEGREE DAYS
 HEATING
  YESTERDAY       24                        21      3       26
  MONTH TO DATE  488                       501    -13      491
  SINCE SEP 1    717                       866   -149      942
  SINCE JUL 1    720                       887   -167      947

 COOLING
  YESTERDAY        0                         0      0        0
  MONTH TO DATE    0                         0      0        0
  SINCE SEP 1    166                        69     97       77
  SINCE JAN 1    827                       480    347      678
...................................................................


WIND (MPH)
  RESULTANT WIND SPEED   1   RESULTANT WIND DIRECTION   S (180)
  HIGHEST WIND SPEED     8   HIGHEST WIND DIRECTION    SE (150)
  HIGHEST GUST SPEED    10   HIGHEST GUST DIRECTION    SE (150)
  AVERAGE WIND SPEED     1.2


SKY COVER
  POSSIBLE SUNSHINE  MM
  AVERAGE SKY COVER 0.6


WEATHER CONDITIONS
THE FOLLOWING WEATHER WAS RECORDED YESTERDAY.
  FOG
  FOG W/VISIBILITY <= 1/4 MILE


RELATIVE HUMIDITY (PERCENT)
 HIGHEST    96          1200 AM
 LOWEST     68           300 PM
 AVERAGE    82

..........................................................


THE ROSEBURG OR CLIMATE NORMALS FOR TODAY
                         NORMAL    RECORD    YEAR
 MAXIMUM TEMPERATURE (F)   49        68      1941
 MINIMUM TEMPERATURE (F)   38        23      1952


SUNRISE AND SUNSET
NOVEMBER 29 2020......SUNRISE   724 AM PST   SUNSET   440 PM PST
NOVEMBER 30 2020......SUNRISE   725 AM PST   SUNSET   439 PM PST


-  INDICATES NEGATIVE NUMBERS.
R  INDICATES RECORD WAS SET OR TIED.
MM INDICATES DATA IS MISSING.
T  INDICATES TRACE AMOUNT.




$$
