000
CDUS46 KSTO 260849
CLIRDD

CLIMATE REPORT
NATIONAL WEATHER SERVICE SACRAMENTO, CA
1247 AM PST THU NOV 26 2020


...................................

...THE REDDING CA AIRPORT AND CITY CLIMATE SUMMARY FOR NOVEMBER 25 2020...

CLIMATE NORMAL PERIOD 1981 TO 2010
CLIMATE RECORD PERIOD 1893 TO 2020


WEATHER ITEM   OBSERVED RECORD YEAR NORMAL DEPARTURE LAST
                VALUE   VALUE       VALUE  FROM      YEAR
                                           NORMAL
...........................................................
TEMPERATURE (F)
 YESTERDAY
  MAXIMUM         62     87    1933  59      3       62
  MINIMUM         37     28    2013  39     -2       35
                               1993
                               1952
  AVERAGE         50

PRECIPITATION (IN)
  YESTERDAY        T      3.08 1961   0.17  -0.17     0.00
  MONTH TO DATE    1.50               3.51  -2.01     0.00
  SINCE OCT 1      1.50               5.61  -4.11     0.09
  SINCE JAN 1     15.50              27.38 -11.88    32.66

SNOWFALL (IN)
  YESTERDAY       MM      0.0  2002  MM               0.0
                               2001
  MONTH TO DATE    0.0               MM               0.0
  SINCE SEP 1      0.0               MM               0.0
  SINCE JUL 1      0.0               MM               0.0

DEGREE DAYS
 HEATING
  YESTERDAY       15

 COOLING
  YESTERDAY        0
...........................................................


WIND (MPH)
  RESULTANT WIND SPEED   2   RESULTANT WIND DIRECTION   N (360)
  HIGHEST WIND SPEED     8   HIGHEST WIND DIRECTION     N (20)
  HIGHEST GUST SPEED    12   HIGHEST GUST DIRECTION    NW (330)


SKY COVER
  POSSIBLE SUNSHINE  MM
  AVERAGE SKY COVER 0.2


WEATHER CONDITIONS
 THE FOLLOWING WEATHER WAS RECORDED YESTERDAY.
  NO SIGNIFICANT WEATHER WAS OBSERVED.


RELATIVE HUMIDITY (PERCENT)
 HIGHEST    92
 LOWEST     29
 AVERAGE    61

..........................................................


THE REDDING CA AIRPORT AND CITY CLIMATE NORMALS FOR TODAY
                         NORMAL    RECORD    YEAR
 MAXIMUM TEMPERATURE (F)   58        85      1933
 MINIMUM TEMPERATURE (F)   38        24      1993


SUNRISE AND SUNSET
NOVEMBER 26 2020......SUNRISE   709 AM PST   SUNSET   445 PM PST
NOVEMBER 27 2020......SUNRISE   710 AM PST   SUNSET   444 PM PST


-  INDICATES NEGATIVE NUMBERS.
R  INDICATES RECORD WAS SET OR TIED.
MM INDICATES DATA IS MISSING.
T  INDICATES TRACE AMOUNT.




$$
