000
CDUS41 KPHI 260555
CLIRDG

CLIMATE REPORT
NATIONAL WEATHER SERVICE MOUNT HOLLY NJ
1255 AM EST THU NOV 26 2020

...................................

...THE READING PA CLIMATE SUMMARY FOR NOVEMBER 25 2020...

CLIMATE NORMAL PERIOD: 1981 TO 2010
CLIMATE RECORD PERIOD: 1869 TO 2020


WEATHER ITEM   OBSERVED TIME   RECORD YEAR NORMAL DEPARTURE LAST
                VALUE   (LST)  VALUE       VALUE  FROM      YEAR
                                                  NORMAL
...................................................................
TEMPERATURE (F)
 YESTERDAY
  MAXIMUM         55   3:07 PM  69    1979  49      6       54
  MINIMUM         39   7:31 AM  17    1938  32      7       33
                                      1956
  AVERAGE         47                        41      6       44

PRECIPITATION (IN)
  YESTERDAY        0.05          6.08 1950   0.13  -0.08     0.00
  MONTH TO DATE    1.17                      2.76  -1.59     1.33
  SINCE SEP 1      7.57                     10.32  -2.75     9.87
  SINCE JAN 1     44.76                     39.28   5.48    50.09

DEGREE DAYS
 HEATING
  YESTERDAY       18                        24     -6       21
  MONTH TO DATE  384                       501   -117      611
  SINCE SEP 1    696                       934   -238      850
  SINCE JUL 1    696                       939   -243      850

 COOLING
  YESTERDAY        0                         0      0        0
  MONTH TO DATE    1                         0      1        0
  SINCE SEP 1    134                        93     41      177
  SINCE JAN 1   1302                       896    406     1239
...................................................................


WIND (MPH)
  HIGHEST WIND SPEED    18   HIGHEST WIND DIRECTION    SW (210)
  HIGHEST GUST SPEED    23   HIGHEST GUST DIRECTION    SW (210)
  AVERAGE WIND SPEED     7.2


SKY COVER
  POSSIBLE SUNSHINE  MM
  AVERAGE SKY COVER 0.3


WEATHER CONDITIONS
THE FOLLOWING WEATHER WAS RECORDED YESTERDAY.
  LIGHT RAIN


RELATIVE HUMIDITY (PERCENT)
 HIGHEST    74          11:00 PM
 LOWEST     52           3:00 PM
 AVERAGE    63

..........................................................


THE READING PA CLIMATE NORMALS FOR TODAY
                         NORMAL    RECORD    YEAR
 MAXIMUM TEMPERATURE (F)   49        74      1979
 MINIMUM TEMPERATURE (F)   32        12      1938


SUNRISE AND SUNSET
NOVEMBER 26 2020......SUNRISE   7:03 AM EST   SUNSET   4:40 PM EST
NOVEMBER 27 2020......SUNRISE   7:04 AM EST   SUNSET   4:39 PM EST


-  INDICATES NEGATIVE NUMBERS.
R  INDICATES RECORD WAS SET OR TIED.
MM INDICATES DATA IS MISSING.
T  INDICATES TRACE AMOUNT.




$$
