568
CDUS46 KPDT 260842
CLIRDM

CLIMATE REPORT
NATIONAL WEATHER SERVICE PENDLETON OR
1242 AM PST THU NOV 26 2020

...................................

...THE REDMOND OR CLIMATE SUMMARY FOR NOVEMBER 25 2020...

CLIMATE NORMAL PERIOD 1981 TO 2010
CLIMATE RECORD PERIOD 1949 TO 2020


WEATHER ITEM   OBSERVED TIME   RECORD YEAR NORMAL DEPARTURE LAST
                VALUE   (LST)  VALUE       VALUE  FROM      YEAR
                                                  NORMAL
...................................................................
TEMPERATURE (F)
 YESTERDAY
  MAXIMUM         46   1210 PM  66    1999  45      1       44
  MINIMUM         31   1052 PM -11    1993  24      7       26
  AVERAGE         39                        34      5       35

PRECIPITATION (IN)
  YESTERDAY        0.00          0.57 1977   0.04  -0.04      T
  MONTH TO DATE    1.54                      0.79   0.75     0.09
  SINCE SEP 1      1.83                      1.84  -0.01     1.90
  SINCE JAN 1      6.03                      7.57  -1.54     9.36

DEGREE DAYS
 HEATING
  YESTERDAY       26                        31     -5       30
  MONTH TO DATE  577                       671    -94      561
  SINCE SEP 1   1120                      1467   -347     1433
  SINCE JUL 1   1188                      1616   -428     1480

 COOLING
  YESTERDAY        0                         0      0        0
  MONTH TO DATE    0                         0      0        0
  SINCE SEP 1     53                        16     37       37
  SINCE JAN 1    401                       222    179      293
...................................................................


WIND (MPH)
  RESULTANT WIND SPEED   6   RESULTANT WIND DIRECTION   W (270)
  HIGHEST WIND SPEED    26   HIGHEST WIND DIRECTION     W (290)
  HIGHEST GUST SPEED    34   HIGHEST GUST DIRECTION     W (280)
  AVERAGE WIND SPEED     7.7


SKY COVER
  POSSIBLE SUNSHINE  MM
  AVERAGE SKY COVER 0.7


WEATHER CONDITIONS
THE FOLLOWING WEATHER WAS RECORDED YESTERDAY.
  NO SIGNIFICANT WEATHER WAS OBSERVED.


RELATIVE HUMIDITY (PERCENT)
 HIGHEST    85          1000 PM
 LOWEST     47           100 PM
 AVERAGE    66

..........................................................


THE REDMOND OR CLIMATE NORMALS FOR TODAY
                         NORMAL    RECORD    YEAR
 MAXIMUM TEMPERATURE (F)   44        69      1950
 MINIMUM TEMPERATURE (F)   23        -6      1993


SUNRISE AND SUNSET
NOVEMBER 26 2020......SUNRISE   715 AM PST   SUNSET   429 PM PST
NOVEMBER 27 2020......SUNRISE   716 AM PST   SUNSET   428 PM PST


-  INDICATES NEGATIVE NUMBERS.
R  INDICATES RECORD WAS SET OR TIED.
MM INDICATES DATA IS MISSING.
T  INDICATES TRACE AMOUNT.




$$
