000
CDUS42 KRAH 280717
CLIRDU

CLIMATE REPORT
NATIONAL WEATHER SERVICE RALEIGH NC
217 AM EST SAT NOV 28 2020

...................................

...THE RALEIGH-DURHAM INTL AIRPORT NC CLIMATE SUMMARY FOR NOVEMBER 27 2020...

CLIMATE NORMAL PERIOD 1981 TO 2010
CLIMATE RECORD PERIOD 1887 TO 2020


WEATHER ITEM   OBSERVED TIME   RECORD YEAR NORMAL DEPARTURE LAST
                VALUE   (LST)  VALUE       VALUE  FROM      YEAR
                                                  NORMAL
...................................................................
TEMPERATURE (F)
 YESTERDAY
  MAXIMUM         67   1059 AM  83    1973  60      7       64
  MINIMUM         49   1159 PM  19    1977  38     11       49
  AVERAGE         58                        49      9       57

PRECIPITATION (IN)
  YESTERDAY        0.00          1.68 1993   0.10  -0.10     0.20
  MONTH TO DATE    3.58                      2.81   0.77     2.96
  SINCE SEP 1     11.33                     10.42   0.91     7.43
  SINCE JAN 1     47.86                     39.96   7.90    39.40

SNOWFALL (IN)
  YESTERDAY        0.0           T    1954   0.0    0.0      0.0
                                      2013
  MONTH TO DATE    0.0                       0.1   -0.1       T
  SINCE SEP 1      T                         0.1   -0.1       T
  SNOW DEPTH       0

DEGREE DAYS
 HEATING
  YESTERDAY        7                        16     -9        8
  MONTH TO DATE  244                       340    -96      447
  SINCE SEP 1    348                       528   -180      520
  SINCE JUL 1    348                       529   -181      520

 COOLING
  YESTERDAY        0                         0      0        0
  MONTH TO DATE   12                         1     11        0
  SINCE SEP 1    277                       280     -3      467
  SINCE JAN 1   1845                      1721    124     2087
...................................................................


WIND (MPH)
  HIGHEST WIND SPEED     9   HIGHEST WIND DIRECTION     N (10)
  HIGHEST GUST SPEED    13   HIGHEST GUST DIRECTION     N (340)
  AVERAGE WIND SPEED     2.5


SKY COVER
  POSSIBLE SUNSHINE  MM
  AVERAGE SKY COVER 0.8


WEATHER CONDITIONS
THE FOLLOWING WEATHER WAS RECORDED YESTERDAY.
  FOG
  FOG W/VISIBILITY <= 1/4 MILE


RELATIVE HUMIDITY (PERCENT)
 HIGHEST   100          1200 AM
 LOWEST     75          1100 AM
 AVERAGE    88

..........................................................


THE RALEIGH-DURHAM INTL AIRPORT NC CLIMATE NORMALS FOR TODAY
                         NORMAL    RECORD    YEAR
 MAXIMUM TEMPERATURE (F)   59        81      2001
 MINIMUM TEMPERATURE (F)   38        18      1903


SUNRISE AND SUNSET
NOVEMBER 28 2020......SUNRISE   705 AM EST   SUNSET   502 PM EST
NOVEMBER 29 2020......SUNRISE   705 AM EST   SUNSET   502 PM EST


-  INDICATES NEGATIVE NUMBERS.
R  INDICATES RECORD WAS SET OR TIED.
MM INDICATES DATA IS MISSING.
T  INDICATES TRACE AMOUNT.

&&

CLIMATE REPORT
NWS FORECAST OFFICE
NCSU CENTENNIAL CAMPUS
RALEIGH, NC

MAXIMUM TEMPERATURE... 69

MINIMUM TEMPERATURE... 50

PRECIPITATION... 0.00

$$
