000
CDUS42 KRAH 130637
CLIRDU

CLIMATE REPORT
NATIONAL WEATHER SERVICE RALEIGH NC
237 AM EDT SUN JUN 13 2021

...................................

...THE RALEIGH NC CLIMATE SUMMARY FOR JUNE 12 2021...

CLIMATE NORMAL PERIOD 1991 TO 2020
CLIMATE RECORD PERIOD 1887 TO 2021


WEATHER ITEM   OBSERVED TIME   RECORD YEAR NORMAL DEPARTURE LAST
                VALUE   (LST)  VALUE       VALUE  FROM      YEAR
                                                  NORMAL
...................................................................
TEMPERATURE (F)
 YESTERDAY
  MAXIMUM         80   1221 PM  98    1914  87     -7       85
                                      1926
                                      2002
  MINIMUM         70   1159 PM  43    1972  65      5       68
  AVERAGE         75                        76     -1       77

PRECIPITATION (IN)
  YESTERDAY        0.03          2.29 1965   0.13  -0.10     0.00
  MONTH TO DATE    5.02                      1.54   3.48     0.16
  SINCE JUN 1      5.02                      1.54   3.48     0.16
  SINCE JAN 1     21.63                     18.76   2.87    21.57

DEGREE DAYS
 HEATING
  YESTERDAY        0                         0      0        0
  MONTH TO DATE    0                         0      0        0
  SINCE JUN 1      0                         0      0        0
  SINCE JUL 1   3011                      3151   -140     2708

 COOLING
  YESTERDAY       10                        11     -1       12
  MONTH TO DATE  144                       117     27      160
  SINCE JUN 1    144                       117     27      160
  SINCE JAN 1    362                       351     11      371
...................................................................


WIND (MPH)
  HIGHEST WIND SPEED    16   HIGHEST WIND DIRECTION    NE (60)
  HIGHEST GUST SPEED    20   HIGHEST GUST DIRECTION    NE (50)
  AVERAGE WIND SPEED     7.3


SKY COVER
  POSSIBLE SUNSHINE  MM
  AVERAGE SKY COVER 1.0


WEATHER CONDITIONS
THE FOLLOWING WEATHER WAS RECORDED YESTERDAY.
  LIGHT RAIN
  FOG


RELATIVE HUMIDITY (PERCENT)
 HIGHEST   100           100 AM
 LOWEST     74          1100 AM
 AVERAGE    87

..........................................................


THE RALEIGH NC CLIMATE NORMALS FOR TODAY
                         NORMAL    RECORD    YEAR
 MAXIMUM TEMPERATURE (F)   87       100      2002
 MINIMUM TEMPERATURE (F)   66        50      1903


SUNRISE AND SUNSET
JUNE 13 2021..........SUNRISE   558 AM EDT   SUNSET   832 PM EDT
JUNE 14 2021..........SUNRISE   558 AM EDT   SUNSET   833 PM EDT


-  INDICATES NEGATIVE NUMBERS.
R  INDICATES RECORD WAS SET OR TIED.
MM INDICATES DATA IS MISSING.
T  INDICATES TRACE AMOUNT.

&&

CLIMATE REPORT
NWS FORECAST OFFICE
NCSU CENTENNIAL CAMPUS
RALEIGH, NC

MAXIMUM TEMPERATURE... 77

MINIMUM TEMPERATURE... 69

PRECIPITATION... 0.01

$$
