408
CDUS45 KBOI 280932
CLIREO

CLIMATE REPORT
NATIONAL WEATHER SERVICE BOISE ID
232 AM MST SAT NOV 28 2020

...................................

...THE ROME OR CLIMATE SUMMARY FOR NOVEMBER 27 2020...

CLIMATE NORMAL PERIOD 1981 TO 2010
CLIMATE RECORD PERIOD 9999 TO 9999


WEATHER ITEM   OBSERVED TIME   NORMAL DEPARTURE LAST
                VALUE   (LST)  VALUE  FROM      YEAR
                                      NORMAL
.......................................................
TEMPERATURE (F)
 YESTERDAY
  MAXIMUM         44    400 PM  43      1       42
  MINIMUM         15    818 AM  20     -5       19
  AVERAGE         30            32     -2       31

PRECIPITATION (IN)
  YESTERDAY        0.00          0.02  -0.02     0.00
  MONTH TO DATE    0.51          0.56  -0.05     0.05
  SINCE OCT 1      0.69          1.30  -0.61     0.27
  SINCE JAN 1      6.17          8.03  -1.86     9.07

DEGREE DAYS
 HEATING
  YESTERDAY       35            33      2       34
  MONTH TO DATE  713           755    -42      678
  SINCE SEP 1   1163          1471   -308     1586
  SINCE JUL 1   1171          1512   -341     1590

 COOLING
  YESTERDAY        0             0      0        0
  MONTH TO DATE    0             0      0        0
  SINCE SEP 1    110            41     69       76
  SINCE JAN 1    835           507    328      650
.......................................................


WIND (MPH)
  HIGHEST WIND SPEED    12   HIGHEST WIND DIRECTION     S (160)
  HIGHEST GUST SPEED    16   HIGHEST GUST DIRECTION     S (170)
  AVERAGE WIND SPEED     4.0


SKY COVER
  AVERAGE SKY COVER 0.0


WEATHER CONDITIONS
THE FOLLOWING WEATHER WAS RECORDED YESTERDAY.
  NO SIGNIFICANT WEATHER WAS OBSERVED.


RELATIVE HUMIDITY (PERCENT)
 HIGHEST    92           500 AM
 LOWEST     39           500 PM
 AVERAGE    66

..........................................................


THE ROME OR CLIMATE NORMALS FOR TODAY
                         NORMAL




SUNRISE AND SUNSET
NOVEMBER 28 2020......SUNRISE   759 AM MST   SUNSET   520 PM MST
NOVEMBER 29 2020......SUNRISE   800 AM MST   SUNSET   520 PM MST


-  INDICATES NEGATIVE NUMBERS.
R  INDICATES RECORD WAS SET OR TIED.
MM INDICATES DATA IS MISSING.
T  INDICATES TRACE AMOUNT.




$$
