995
CDUS45 KBOI 130931
CLIREO

CLIMATE REPORT
NATIONAL WEATHER SERVICE BOISE ID
331 AM MDT SUN JUN 13 2021

...................................

...THE ROME OR CLIMATE SUMMARY FOR JUNE 12 2021...

CLIMATE NORMAL PERIOD 1991 TO 2020
CLIMATE RECORD PERIOD 9999 TO 9999


WEATHER ITEM   OBSERVED TIME   NORMAL DEPARTURE LAST
                VALUE   (LST)  VALUE  FROM      YEAR
                                      NORMAL
.......................................................
TEMPERATURE (F)
 YESTERDAY
  MAXIMUM         84    702 PM  80      4       91
  MINIMUM         52    546 AM  45      7       53
  AVERAGE         68            63      5       72

PRECIPITATION (IN)
  YESTERDAY        0.00          0.03  -0.03     0.00
  MONTH TO DATE    0.69          0.53   0.16     0.30
  SINCE OCT 1      5.38          6.84  -1.46     5.23
  SINCE JAN 1      4.42          4.79  -0.37     3.58

DEGREE DAYS
 HEATING
  YESTERDAY        0             4     -4        0
  MONTH TO DATE   34            64    -30       44
  SINCE JUN 1     34            64    -30       44
  SINCE JUL 1   5724          6107   -383     6050

 COOLING
  YESTERDAY        3             2      1        7
  MONTH TO DATE   56            22     34       35
  SINCE JUN 1     56            22     34       35
  SINCE JAN 1     63            39     24       78
.......................................................


WIND (MPH)
  HIGHEST WIND SPEED    14   HIGHEST WIND DIRECTION     S (160)
  HIGHEST GUST SPEED    19   HIGHEST GUST DIRECTION     S (180)
  AVERAGE WIND SPEED     5.9


SKY COVER
  AVERAGE SKY COVER 0.0


WEATHER CONDITIONS
THE FOLLOWING WEATHER WAS RECORDED YESTERDAY.
  NO SIGNIFICANT WEATHER WAS OBSERVED.


RELATIVE HUMIDITY (PERCENT)
 HIGHEST    72           300 AM
 LOWEST     23           800 PM
 AVERAGE    48

..........................................................


THE ROME OR CLIMATE NORMALS FOR TODAY
                         NORMAL




SUNRISE AND SUNSET
JUNE 13 2021..........SUNRISE   613 AM MDT   SUNSET   930 PM MDT
JUNE 14 2021..........SUNRISE   613 AM MDT   SUNSET   931 PM MDT


-  INDICATES NEGATIVE NUMBERS.
R  INDICATES RECORD WAS SET OR TIED.
MM INDICATES DATA IS MISSING.
T  INDICATES TRACE AMOUNT.




$$
