000
CDUS43 KLOT 130635
CLIRFD

CLIMATE REPORT
NATIONAL WEATHER SERVICE CHICAGO IL
135 AM CDT SUN JUN 13 2021

...................................

...THE ROCKFORD IL CLIMATE SUMMARY FOR JUNE 12 2021...

CLIMATE NORMAL PERIOD: 1991 TO 2020
CLIMATE RECORD PERIOD: 1905 TO 2021


WEATHER ITEM   OBSERVED TIME   RECORD YEAR NORMAL DEPARTURE LAST
                VALUE   (LST)  VALUE       VALUE  FROM      YEAR
                                                  NORMAL
...................................................................
TEMPERATURE (F)
 YESTERDAY
  MAXIMUM         95R  3:22 PM  95    1956  80     15       86
  MINIMUM         70  11:59 PM  39    1903  59     11       54
  AVERAGE         83                        70     13       70

PRECIPITATION (IN)
  YESTERDAY        0.00          3.22 1952   0.19  -0.19      T
  MONTH TO DATE    T                         2.19  -2.19     2.10
  SINCE JUN 1      T                         2.19  -2.19     2.10
  SINCE JAN 1      8.36                     15.75  -7.39    17.07

SNOWFALL (IN)
  YESTERDAY        0.0           0.0    MM   0.0    0.0      0.0
  MONTH TO DATE    0.0                       0.0    0.0      0.0
  SINCE JUN 1      0.0                       0.0    0.0      0.0
  SINCE JUL 1     36.5                      37.1   -0.6     34.3
  SNOW DEPTH       0

DEGREE DAYS
 HEATING
  YESTERDAY        0                         1     -1        0
  MONTH TO DATE    0                        20    -20        0
  SINCE JUN 1      0                        20    -20        0
  SINCE JUL 1   6020                      6489   -469     6147

 COOLING
  YESTERDAY       18                         5     13        5
  MONTH TO DATE  156                        53    103      117
  SINCE JUN 1    156                        53    103      117
  SINCE JAN 1    256                       114    142      173
...................................................................


WIND (MPH)
  HIGHEST WIND SPEED    18   HIGHEST WIND DIRECTION    NW (330)
  HIGHEST GUST SPEED    27   HIGHEST GUST DIRECTION    NW (330)
  AVERAGE WIND SPEED     6.9


SKY COVER
  POSSIBLE SUNSHINE  MM
  AVERAGE SKY COVER 0.4


WEATHER CONDITIONS
THE FOLLOWING WEATHER WAS RECORDED YESTERDAY.
  HAZE


RELATIVE HUMIDITY (PERCENT)
 HIGHEST    84           3:00 AM
 LOWEST     37           4:00 PM
 AVERAGE    61

..........................................................


THE ROCKFORD IL CLIMATE NORMALS FOR TODAY
                         NORMAL    RECORD    YEAR
 MAXIMUM TEMPERATURE (F)   80        94      1956
                                             1976
                                             1987
 MINIMUM TEMPERATURE (F)   59        42      1978


SUNRISE AND SUNSET
JUNE 13 2021..........SUNRISE   5:20 AM CDT   SUNSET   8:34 PM CDT
JUNE 14 2021..........SUNRISE   5:20 AM CDT   SUNSET   8:34 PM CDT


-  INDICATES NEGATIVE NUMBERS.
R  INDICATES RECORD WAS SET OR TIED.
MM INDICATES DATA IS MISSING.
T  INDICATES TRACE AMOUNT.




$$
