000
CDUS43 KGRB 040722
CLIRHI

CLIMATE REPORT
NATIONAL WEATHER SERVICE GREEN BAY
122 AM CST FRI DEC 04 2020

...................................

...THE RHINELANDER WI CLIMATE SUMMARY FOR DECEMBER 3 2020...

CLIMATE NORMAL PERIOD: 1981 TO 2010
CLIMATE RECORD PERIOD: 1908 TO 2020


WEATHER ITEM   OBSERVED TIME   RECORD YEAR NORMAL DEPARTURE LAST
                VALUE   (LST)  VALUE       VALUE  FROM      YEAR
                                                  NORMAL
...................................................................
TEMPERATURE (F)
 YESTERDAY
  MAXIMUM         38   1:29 PM  61    1998  29      9       30
  MINIMUM         27   6:20 AM -20    1940  14     13       20
  AVERAGE         33                        21     12       25

PRECIPITATION (IN)
  YESTERDAY        0.00          0.55 1934   0.05  -0.05      T
  MONTH TO DATE    0.00                      0.16  -0.16     0.45
  SINCE DEC 1      0.00                      0.16  -0.16     0.45
  SINCE JAN 1     34.71                     30.12   4.59    40.10

SNOWFALL (IN)
  YESTERDAY        0.0           6.7  1934  MM     MM         T
  MONTH TO DATE    0.0                       0.0    0.0      5.1
  SINCE DEC 1      0.0                       0.0    0.0      5.1
  SINCE JUL 1     12.9                      MM     MM       23.2
  SNOW DEPTH       0

DEGREE DAYS
 HEATING
  YESTERDAY       32                        44    -12       40
  MONTH TO DATE  113                       130    -17      124
  SINCE DEC 1    113                       130    -17      124
  SINCE JUL 1   2233                      2264    -31     2331

 COOLING
  YESTERDAY        0                         0      0        0
  MONTH TO DATE    0                         0      0        0
  SINCE DEC 1      0                         0      0        0
  SINCE JAN 1    356                       261     95      272
...................................................................


WIND (MPH)
  HIGHEST WIND SPEED    18   HIGHEST WIND DIRECTION     W (270)
  HIGHEST GUST SPEED    26   HIGHEST GUST DIRECTION     W (260)
  AVERAGE WIND SPEED    11.3


SKY COVER
  POSSIBLE SUNSHINE  MM
  AVERAGE SKY COVER 0.9


WEATHER CONDITIONS
THE FOLLOWING WEATHER WAS RECORDED YESTERDAY.
  NO SIGNIFICANT WEATHER WAS OBSERVED.


RELATIVE HUMIDITY (PERCENT)
 HIGHEST    85           6:00 AM
 LOWEST     50           2:00 PM
 AVERAGE    68

..........................................................


THE RHINELANDER WI CLIMATE NORMALS FOR TODAY
                         NORMAL    RECORD    YEAR
 MAXIMUM TEMPERATURE (F)   29        56      1916
                                             2017
 MINIMUM TEMPERATURE (F)   13       -22      1927


SUNRISE AND SUNSET
DECEMBER  4 2020......SUNRISE   7:22 AM CST   SUNSET   4:14 PM CST
DECEMBER  5 2020......SUNRISE   7:23 AM CST   SUNSET   4:14 PM CST


-  INDICATES NEGATIVE NUMBERS.
R  INDICATES RECORD WAS SET OR TIED.
MM INDICATES DATA IS MISSING.
T  INDICATES TRACE AMOUNT.




$$
