000
CDUS41 KAKQ 040951
CLIRIC

CLIMATE REPORT
NATIONAL WEATHER SERVICE WAKEFIELD VA
451 AM EST FRI DEC 04 2020

...................................

...THE RICHMOND VA CLIMATE SUMMARY FOR DECEMBER 3 2020...

CLIMATE NORMAL PERIOD: 1981 TO 2010
CLIMATE RECORD PERIOD: 1871 TO 2020


WEATHER ITEM   OBSERVED TIME   RECORD YEAR NORMAL DEPARTURE LAST
                VALUE   (LST)  VALUE       VALUE  FROM      YEAR
                                                  NORMAL
...................................................................
TEMPERATURE (F)
 YESTERDAY
  MAXIMUM         58   3:08 PM  75    1991  55      3       52
  MINIMUM         26   7:15 AM  15    1930  35     -9       37
                                      1940
  AVERAGE         42                        44     -2       45

PRECIPITATION (IN)
  YESTERDAY        0.00          1.50 1905   0.11  -0.11     0.00
  MONTH TO DATE    0.00                      0.34  -0.34     0.71
  SINCE DEC 1      0.00                      0.34  -0.34     0.71
  SINCE JAN 1     56.82                     40.68  16.14    40.32

SNOWFALL (IN)
  YESTERDAY        0.0           T    1927   0.0    0.0
  MONTH TO DATE    0.0                       0.1   -0.1
  SINCE DEC 1      0.0                       0.1   -0.1
  SINCE JUL 1      0.0                       0.3   -0.3
  SNOW DEPTH       0

DEGREE DAYS
 HEATING
  YESTERDAY       23                        21      2       20
  MONTH TO DATE   69                        61      8       58
  SINCE DEC 1     69                        61      8       58
  SINCE JUL 1    524                       737   -213      732

 COOLING
  YESTERDAY        0                         0      0        0
  MONTH TO DATE    0                         0      0        0
  SINCE DEC 1      0                         0      0        0
  SINCE JAN 1   1694                      1548    146     2051
...................................................................


WIND (MPH)
  HIGHEST WIND SPEED    16   HIGHEST WIND DIRECTION     S (180)
  HIGHEST GUST SPEED    20   HIGHEST GUST DIRECTION    SW (210)
  AVERAGE WIND SPEED     5.8


SKY COVER
  POSSIBLE SUNSHINE  MM
  AVERAGE SKY COVER 0.2


WEATHER CONDITIONS
THE FOLLOWING WEATHER WAS RECORDED YESTERDAY.
  NO SIGNIFICANT WEATHER WAS OBSERVED.


RELATIVE HUMIDITY (PERCENT)
 HIGHEST    85           8:00 AM
 LOWEST     22           3:00 PM
 AVERAGE    54

..........................................................


THE RICHMOND VA CLIMATE NORMALS FOR TODAY
                         NORMAL    RECORD    YEAR
 MAXIMUM TEMPERATURE (F)   54        77      1982
                                             1998
 MINIMUM TEMPERATURE (F)   34        10      1940


SUNRISE AND SUNSET
DECEMBER  4 2020......SUNRISE   7:08 AM EST   SUNSET   4:51 PM EST
DECEMBER  5 2020......SUNRISE   7:09 AM EST   SUNSET   4:51 PM EST


-  INDICATES NEGATIVE NUMBERS.
R  INDICATES RECORD WAS SET OR TIED.
MM INDICATES DATA IS MISSING.
T  INDICATES TRACE AMOUNT.




$$
