000
CDUS45 KRIW 130759
CLIRKS

CLIMATE REPORT
NATIONAL WEATHER SERVICE RIVERTON WY
159 AM MDT SUN JUN 13 2021

...................................

...THE ROCK SPRINGS WY CLIMATE SUMMARY FOR JUNE 12 2021...

CLIMATE NORMAL PERIOD: 1991 TO 2020
CLIMATE RECORD PERIOD: 1948 TO 2021


WEATHER ITEM   OBSERVED TIME   RECORD YEAR NORMAL DEPARTURE LAST
                VALUE   (LST)  VALUE       VALUE  FROM      YEAR
                                                  NORMAL
...................................................................
TEMPERATURE (F)
 YESTERDAY
  MAXIMUM         86   2:29 PM  88    1956  74     12       85
                                      1959
  MINIMUM         44   5:36 AM  32    2001  46     -2       53
  AVERAGE         65                        60      5

PRECIPITATION (IN)
  YESTERDAY        0.00          0.42 1965   0.03  -0.03     0.00
  MONTH TO DATE    0.02                      0.35  -0.33     0.78
  SINCE JUN 1      0.02                      0.35  -0.33     0.78
  SINCE JAN 1      1.14                      3.86  -2.72     1.95

DEGREE DAYS
 HEATING
  YESTERDAY        0                         6     -6        0
  MONTH TO DATE   20                        90    -70       85
  SINCE JUN 1     20                        90    -70       85
  SINCE JUL 1   7826                      7995   -169     8301

 COOLING
  YESTERDAY        0                         1     -1        4
  MONTH TO DATE   40                         7     33       18
  SINCE JUN 1     40                         7     33       18
  SINCE JAN 1     40                         9     31       25
...................................................................


WIND (MPH)
  HIGHEST WIND SPEED    21   HIGHEST WIND DIRECTION    NW (300)
  HIGHEST GUST SPEED    27   HIGHEST GUST DIRECTION    NW (300)
  AVERAGE WIND SPEED     6.1


SKY COVER
  POSSIBLE SUNSHINE  MM
  AVERAGE SKY COVER 0.0


WEATHER CONDITIONS
THE FOLLOWING WEATHER WAS RECORDED YESTERDAY.
  NO SIGNIFICANT WEATHER WAS OBSERVED.


RELATIVE HUMIDITY (PERCENT)
 HIGHEST    26           6:00 AM
 LOWEST      6           4:00 PM
 AVERAGE    16

..........................................................


THE ROCK SPRINGS WY CLIMATE NORMALS FOR TODAY
                         NORMAL    RECORD    YEAR
 MAXIMUM TEMPERATURE (F)   74        88      1974
                                             2018
 MINIMUM TEMPERATURE (F)   46        28      2001


SUNRISE AND SUNSET
JUNE 13 2021..........SUNRISE   5:42 AM MDT   SUNSET   8:52 PM MDT
JUNE 14 2021..........SUNRISE   5:42 AM MDT   SUNSET   8:52 PM MDT


-  INDICATES NEGATIVE NUMBERS.
R  INDICATES RECORD WAS SET OR TIED.
MM INDICATES DATA IS MISSING.
T  INDICATES TRACE AMOUNT.




$$
