019
CDUS45 KRIW 280834
CLIRKS

CLIMATE REPORT
NATIONAL WEATHER SERVICE RIVERTON WY
134 AM MST SAT NOV 28 2020

...................................

...THE ROCK SPRINGS WY CLIMATE SUMMARY FOR NOVEMBER 27 2020...

CLIMATE NORMAL PERIOD: 1981 TO 2010
CLIMATE RECORD PERIOD: 1948 TO 2020


WEATHER ITEM   OBSERVED TIME   RECORD YEAR NORMAL DEPARTURE LAST
                VALUE   (LST)  VALUE       VALUE  FROM      YEAR
                                                  NORMAL
...................................................................
TEMPERATURE (F)
 YESTERDAY
  MAXIMUM         33   3:02 PM  60    1998  34     -1       31
  MINIMUM         13   7:00 AM -13    1976  16     -3        5
  AVERAGE         23                        25     -2

PRECIPITATION (IN)
  YESTERDAY        0.00          0.22 1960   0.02  -0.02     0.00
  MONTH TO DATE    0.22                      0.45  -0.23     0.18
  SINCE SEP 1      0.71                      2.24  -1.53     0.90
  SINCE JAN 1      3.10                      8.02  -4.92     4.00

DEGREE DAYS
 HEATING
  YESTERDAY       42                        40      2       47
  MONTH TO DATE  862                       903    -41      865
  SINCE SEP 1   1739                      1806    -67     1981
  SINCE JUL 1   1760                      1870   -110     1999

 COOLING
  YESTERDAY        0                         0      0        0
  MONTH TO DATE    0                         0      0        0
  SINCE SEP 1     26                         9     17       33
  SINCE JAN 1    457                       286    171      334
...................................................................


WIND (MPH)
  HIGHEST WIND SPEED    21   HIGHEST WIND DIRECTION    SW (230)
  HIGHEST GUST SPEED    26   HIGHEST GUST DIRECTION    SW (230)
  AVERAGE WIND SPEED    14.0


SKY COVER
  POSSIBLE SUNSHINE  MM
  AVERAGE SKY COVER 0.0


WEATHER CONDITIONS
THE FOLLOWING WEATHER WAS RECORDED YESTERDAY.
  NO SIGNIFICANT WEATHER WAS OBSERVED.


RELATIVE HUMIDITY (PERCENT)
 HIGHEST    80          12:00 AM
 LOWEST     45           2:00 PM
 AVERAGE    63

..........................................................


THE ROCK SPRINGS WY CLIMATE NORMALS FOR TODAY
                         NORMAL    RECORD    YEAR
 MAXIMUM TEMPERATURE (F)   34        55      2014
 MINIMUM TEMPERATURE (F)   16        -8      1976


SUNRISE AND SUNSET
NOVEMBER 28 2020......SUNRISE   7:21 AM MST   SUNSET   4:48 PM MST
NOVEMBER 29 2020......SUNRISE   7:22 AM MST   SUNSET   4:47 PM MST


-  INDICATES NEGATIVE NUMBERS.
R  INDICATES RECORD WAS SET OR TIED.
MM INDICATES DATA IS MISSING.
T  INDICATES TRACE AMOUNT.




$$
