000
CDUS41 KRNK 130613
CLIRNK

CLIMATE REPORT
NATIONAL WEATHER SERVICE BLACKSBURG, VA
213 AM EDT SUN JUN 13 2021

...................................

...THE BLACKSBURG VA CLIMATE SUMMARY FOR JUNE 12 2021...

CLIMATE NORMAL PERIOD: 1991 TO 2020
CLIMATE RECORD PERIOD: 1893 TO 2021


WEATHER ITEM   OBSERVED RECORD YEAR NORMAL DEPARTURE LAST
                VALUE   VALUE       VALUE  FROM      YEAR
                                           NORMAL
............................................................
TEMPERATURE (F)
 YESTERDAY
  MAXIMUM         78     94    1902  78      0       80
                               1914
  MINIMUM         63     35    1972  56      7       51
  AVERAGE         71                 67      4       66

PRECIPITATION (IN)
  YESTERDAY        T      2.95 1923   0.14  -0.14     0.00
  MONTH TO DATE    1.24               1.81  -0.57     0.82
  SINCE JUN 1      1.24               1.81  -0.57     0.82
  SINCE JAN 1     18.00              19.89  -1.89    27.78

SNOWFALL (IN)
  YESTERDAY        0.0                                0.0
  MONTH TO DATE    0.0                                0.0
  SINCE JUN 1      0.0                                0.0
  SINCE JUL 1     23.1                                5.0
  SNOW DEPTH       0

DEGREE DAYS
 HEATING
  YESTERDAY        0                  1     -1        0
  MONTH TO DATE    4                 24    -20        8
  SINCE JUN 1      4                 24    -20        8
  SINCE JUL 1   4890               5285   -395     4637

 COOLING
  YESTERDAY        6                  4      2        1
  MONTH TO DATE   65                 31     34       68
  SINCE JUN 1     65                 31     34       68
  SINCE JAN 1    113                 66     47      104
............................................................


WIND (MPH)
  RESULTANT WIND SPEED   2   RESULTANT WIND DIRECTION   E (100)
  HIGHEST WIND SPEED    12   HIGHEST WIND DIRECTION    SE (120)
  HIGHEST GUST SPEED    MM   HIGHEST GUST DIRECTION    MM
  AVERAGE WIND SPEED     2.3


SKY COVER
  AVERAGE SKY COVER 0.7


WEATHER CONDITIONS
THE FOLLOWING WEATHER WAS RECORDED YESTERDAY.
  THUNDERSTORM
  LIGHT RAIN
  FOG
  FOG W/VISIBILITY <= 1/4 MILE


RELATIVE HUMIDITY (PERCENT)
 HIGHEST   100          12:00 AM
 LOWEST     78          11:00 AM
 AVERAGE    89

..........................................................


THE BLACKSBURG VA CLIMATE NORMALS FOR TODAY
                         NORMAL    RECORD    YEAR
 MAXIMUM TEMPERATURE (F)   78        91      1902
                                             1944
 MINIMUM TEMPERATURE (F)   56        39      1974


SUNRISE AND SUNSET
JUNE 13 2021..........SUNRISE   6:01 AM EDT   SUNSET   8:43 PM EDT
JUNE 14 2021..........SUNRISE   6:01 AM EDT   SUNSET   8:43 PM EDT


-  INDICATES NEGATIVE NUMBERS.
R  INDICATES RECORD WAS SET OR TIED.
MM INDICATES DATA IS MISSING.
T  INDICATES TRACE AMOUNT.


$$

PW
