000
CDUS41 KRNK 281023
CLIRNK

CLIMATE REPORT
NATIONAL WEATHER SERVICE BLACKSBURG, VA
523 AM EST SAT NOV 28 2020

...................................

...THE BLACKSBURG VA CLIMATE SUMMARY FOR NOVEMBER 27 2020...

CLIMATE NORMAL PERIOD: 1981 TO 2010
CLIMATE RECORD PERIOD: 1893 TO 2020


WEATHER ITEM   OBSERVED RECORD YEAR NORMAL DEPARTURE LAST
                VALUE   VALUE       VALUE  FROM      YEAR
                                           NORMAL
............................................................
TEMPERATURE (F)
 YESTERDAY
  MAXIMUM         57     71    1990  50      7       65
  MINIMUM         33      7    1930  28      5       42
  AVERAGE         45                 39      6       54

PRECIPITATION (IN)
  YESTERDAY        0.00   0.86 1978   0.10  -0.10     0.35
  MONTH TO DATE    4.58               2.57   2.01     1.51
  SINCE SEP 1     12.43               8.45   3.98    10.40
  SINCE JAN 1     54.93              37.64  17.29    39.10

SNOWFALL (IN)
  YESTERDAY        0.0                                0.0
  MONTH TO DATE    T                                   T
  SINCE SEP 1      T                                   T
  SINCE JUL 1      T                                   T
  SNOW DEPTH       0

DEGREE DAYS
 HEATING
  YESTERDAY       20                 26     -6       11
  MONTH TO DATE  457                573   -116      668
  SINCE SEP 1    863               1082   -219      944
  SINCE JUL 1    864               1100   -236      953

 COOLING
  YESTERDAY        0                  0      0        0
  MONTH TO DATE    1                  0      1        0
  SINCE SEP 1     78                 61     17      251
  SINCE JAN 1    808                573    235     1003
............................................................


WIND (MPH)
  RESULTANT WIND SPEED   1   RESULTANT WIND DIRECTION   W (290)
  HIGHEST WIND SPEED    10   HIGHEST WIND DIRECTION    NW (320)
  HIGHEST GUST SPEED    MM   HIGHEST GUST DIRECTION    MM
  AVERAGE WIND SPEED     1.1


SKY COVER
  AVERAGE SKY COVER 0.1


WEATHER CONDITIONS
THE FOLLOWING WEATHER WAS RECORDED YESTERDAY.
  FOG


RELATIVE HUMIDITY (PERCENT)
 HIGHEST   100          12:00 AM
 LOWEST     64           3:00 PM
 AVERAGE    82

..........................................................


THE BLACKSBURG VA CLIMATE NORMALS FOR TODAY
                         NORMAL    RECORD    YEAR
 MAXIMUM TEMPERATURE (F)   50        73      1990
                                             2001
 MINIMUM TEMPERATURE (F)   28         8      1903


SUNRISE AND SUNSET
NOVEMBER 28 2020......SUNRISE   7:14 AM EST   SUNSET   5:05 PM EST
NOVEMBER 29 2020......SUNRISE   7:15 AM EST   SUNSET   5:05 PM EST


-  INDICATES NEGATIVE NUMBERS.
R  INDICATES RECORD WAS SET OR TIED.
MM INDICATES DATA IS MISSING.
T  INDICATES TRACE AMOUNT.

$$

RAB
