000
CDUS46 KSGX 041015
CLIRNM


CLIMATE REPORT
NATIONAL WEATHER SERVICE SAN DIEGO, CA
215 AM PST FRI DEC 4 2020


...................................

...THE RAMONA AIRPORT CA CLIMATE SUMMARY FOR DECEMBER 3 2020...

CLIMATE NORMAL PERIOD 1981 TO 2010
CLIMATE RECORD PERIOD 1974 TO 2020


WEATHER ITEM   OBSERVED TIME   RECORD YEAR NORMAL DEPARTURE LAST
                VALUE   (LST)  VALUE       VALUE  FROM      YEAR
                                                  NORMAL
..................................................................
TEMPERATURE (F)
 YESTERDAY
  MAXIMUM         63    500 PM  84    1981  66     -3       70
  MINIMUM         57    700 PM  28    2016  35     22       43
                                      2003
                                      1999
  AVERAGE         60                        50     10       57

PRECIPITATION (IN)
  YESTERDAY        0.00          0.69 1985   0.05  -0.05      T
  MONTH TO DATE    0.00                      0.15  -0.15      T
  SINCE OCT 1      1.18                      2.06  -0.88     4.36
  SINCE JAN 1     11.54                     13.96  -2.42    19.76

DEGREE DAYS
 HEATING
  YESTERDAY        5                        14     -9        8
  MONTH TO DATE   26                        42    -16       28
  SINCE DEC 1     26                        42    -16       28
  SINCE JUL 1    334                       453   -119      357

 COOLING
  YESTERDAY        0                         0      0        0
  MONTH TO DATE    0                         0      0        0
  SINCE DEC 1      0                         0      0        0
  SINCE JAN 1   1132                       850    282      984
..................................................................


WIND (MPH)
  RESULTANT WIND SPEED  27   RESULTANT WIND DIRECTION  NE (50)
  HIGHEST WIND SPEED    38   HIGHEST WIND DIRECTION    NE (40)
  HIGHEST GUST SPEED    52   HIGHEST GUST DIRECTION    NE (60)
  AVERAGE WIND SPEED    27.8


SKY COVER
  POSSIBLE SUNSHINE  MM
  AVERAGE SKY COVER 0.0


WEATHER CONDITIONS
 THE FOLLOWING WEATHER WAS RECORDED YESTERDAY.
  NO SIGNIFICANT WEATHER WAS OBSERVED.


RELATIVE HUMIDITY (PERCENT)
 HIGHEST    14          1200 AM
 LOWEST     14          1200 AM
 AVERAGE    14

..........................................................


THE RAMONA AIRPORT CA CLIMATE NORMALS FOR TODAY
                         NORMAL    RECORD    YEAR
 MAXIMUM TEMPERATURE (F)   66        94      1979
 MINIMUM TEMPERATURE (F)   35        23      2011


SUNRISE AND SUNSET
DECEMBER  4 2020......SUNRISE   636 AM PST   SUNSET   441 PM PST
DECEMBER  5 2020......SUNRISE   636 AM PST   SUNSET   441 PM PST


-  INDICATES NEGATIVE NUMBERS.
R  INDICATES RECORD WAS SET OR TIED.
MM INDICATES DATA IS MISSING.
T  INDICATES TRACE AMOUNT.




$$
