000
CDUS45 KREV 280834
CLIRNO

CLIMATE REPORT
NATIONAL WEATHER SERVICE RENO NV
1234 AM PST SAT NOV 28 2020

...................................

...THE RENO-TAHOE INTL AIRPORT NV CLIMATE SUMMARY FOR NOVEMBER 27 2020...

CLIMATE NORMAL PERIOD 1981 TO 2010
CLIMATE RECORD PERIOD 1888 TO 2020


WEATHER ITEM   OBSERVED TIME   RECORD YEAR NORMAL DEPARTURE LAST
                VALUE   (LST)  VALUE       VALUE  FROM      YEAR
                                                  NORMAL
...................................................................
TEMPERATURE (F)
 YESTERDAY
  MAXIMUM         48    313 PM  73    2014  50     -2       43
  MINIMUM         20    729 AM   7    1948  28     -8       28
  AVERAGE         34                        39     -5       36

PRECIPITATION (IN)
  YESTERDAY        0.00          0.65 2004   0.03  -0.03      T
  MONTH TO DATE    0.59                      0.73  -0.14     0.21
  SINCE OCT 1      0.59                      1.24  -0.65     0.21
  SINCE JAN 1      2.44                      6.28  -3.84     9.26

SNOWFALL (IN)
  YESTERDAY        0.0           4.5  2004   0.2   -0.2       T
  MONTH TO DATE    4.5                       2.8    1.7       T
  SINCE SEP 1      4.5                       3.2    1.3       T
  SINCE JUL 1      4.5                       3.2    1.3       T
  SNOW DEPTH       0

DEGREE DAYS
 HEATING
  YESTERDAY       31                        26      5       29
  MONTH TO DATE  599                       588     11      468
  SINCE SEP 1    847                      1014   -167     1025
  SINCE JUL 1    847                      1024   -177     1025

 COOLING
  YESTERDAY        0                         0      0        0
  MONTH TO DATE    0                         0      0        0
  SINCE SEP 1    162                        93     69      116
  SINCE JAN 1   1176                       839    337     1107
...................................................................


WIND (MPH)
  RESULTANT WIND SPEED   1   RESULTANT WIND DIRECTION   E (80)
  HIGHEST WIND SPEED    10   HIGHEST WIND DIRECTION    SE (140)
  HIGHEST GUST SPEED    12   HIGHEST GUST DIRECTION    SE (130)
  AVERAGE WIND SPEED     2.0


WEATHER CONDITIONS
THE FOLLOWING WEATHER WAS RECORDED YESTERDAY.
  NO SIGNIFICANT WEATHER WAS OBSERVED.


RELATIVE HUMIDITY (PERCENT)
 HIGHEST    78           600 AM
 LOWEST     28           400 PM
 AVERAGE    53

..........................................................


THE RENO-TAHOE INTL AIRPORT NV CLIMATE NORMALS FOR TODAY
                         NORMAL    RECORD    YEAR
 MAXIMUM TEMPERATURE (F)   50        69      1949
 MINIMUM TEMPERATURE (F)   28         6      1919


SUNRISE AND SUNSET
NOVEMBER 28 2020......SUNRISE   658 AM PST   SUNSET   436 PM PST
NOVEMBER 29 2020......SUNRISE   659 AM PST   SUNSET   436 PM PST


-  INDICATES NEGATIVE NUMBERS.
R  INDICATES RECORD WAS SET OR TIED.
MM INDICATES DATA IS MISSING.
T  INDICATES TRACE AMOUNT.




$$
