000
CDUS45 KREV 130853
CLIRNO

CLIMATE REPORT
NATIONAL WEATHER SERVICE RENO NV
153 AM PDT SUN JUN 13 2021

...................................

...THE RENO-TAHOE INTL AIRPORT NV CLIMATE SUMMARY FOR JUNE 12 2021...

CLIMATE NORMAL PERIOD 1991 TO 2020
CLIMATE RECORD PERIOD 1888 TO 2021


WEATHER ITEM   OBSERVED TIME   RECORD YEAR NORMAL DEPARTURE LAST
                VALUE   (LST)  VALUE       VALUE  FROM      YEAR
                                                  NORMAL
...................................................................
TEMPERATURE (F)
 YESTERDAY
  MAXIMUM         90    208 PM  99    1940  83      7       82
  MINIMUM         58    514 AM  27    1952  53      5       49
  AVERAGE         74                        68      6       66

PRECIPITATION (IN)
  YESTERDAY        0.00          0.47 1967   0.01  -0.01     0.00
  MONTH TO DATE    0.09                      0.20  -0.11     0.04
  SINCE OCT 1      2.57                      6.49  -3.92     3.52
  SINCE JAN 1      1.70                      4.27  -2.57     1.43

SNOWFALL (IN)
  YESTERDAY        0.0           0.0    MM   0.0    0.0      0.0
  MONTH TO DATE    0.0                       0.0    0.0      0.0
  SINCE JUN 1      0.0                       0.0    0.0      0.0
  SINCE JUL 1     15.8                      20.9   -5.1     17.6
  SNOW DEPTH       0

DEGREE DAYS
 HEATING
  YESTERDAY        0                         2     -2        0
  MONTH TO DATE   21                        29     -8       38
  SINCE JUN 1     21                        29     -8       38
  SINCE JUL 1   4516                      4650   -134     4594

 COOLING
  YESTERDAY        9                         5      4        1
  MONTH TO DATE   81                        47     34       43
  SINCE JUN 1     81                        47     34       43
  SINCE JAN 1    117                        92     25       97
...................................................................


WIND (MPH)
  RESULTANT WIND SPEED   4   RESULTANT WIND DIRECTION  NW (300)
  HIGHEST WIND SPEED    23   HIGHEST WIND DIRECTION     W (290)
  HIGHEST GUST SPEED    29   HIGHEST GUST DIRECTION     W (280)
  AVERAGE WIND SPEED     6.7


WEATHER CONDITIONS
THE FOLLOWING WEATHER WAS RECORDED YESTERDAY.
  NO SIGNIFICANT WEATHER WAS OBSERVED.


RELATIVE HUMIDITY (PERCENT)
 HIGHEST    42           500 AM
 LOWEST     15           500 PM
 AVERAGE    29

..........................................................


THE RENO-TAHOE INTL AIRPORT NV CLIMATE NORMALS FOR TODAY
                         NORMAL    RECORD    YEAR
 MAXIMUM TEMPERATURE (F)   84       101      1940
 MINIMUM TEMPERATURE (F)   53        30      1923
                                             1952
                                             1953


SUNRISE AND SUNSET
JUNE 13 2021..........SUNRISE   531 AM PDT   SUNSET   827 PM PDT
JUNE 14 2021..........SUNRISE   531 AM PDT   SUNSET   828 PM PDT


-  INDICATES NEGATIVE NUMBERS.
R  INDICATES RECORD WAS SET OR TIED.
MM INDICATES DATA IS MISSING.
T  INDICATES TRACE AMOUNT.




$$
