240
CDUS41 KRNK 130613
CLIROA

CLIMATE REPORT
NATIONAL WEATHER SERVICE BLACKSBURG, VA
213 AM EDT SUN JUN 13 2021

...................................

...THE ROANOKE VA CLIMATE SUMMARY FOR JUNE 12 2021...

CLIMATE NORMAL PERIOD: 1991 TO 2020
CLIMATE RECORD PERIOD: 1912 TO 2021


WEATHER ITEM   OBSERVED TIME   RECORD YEAR NORMAL DEPARTURE LAST
                VALUE   (LST)  VALUE       VALUE  FROM      YEAR
                                                  NORMAL
...................................................................
TEMPERATURE (F)
 YESTERDAY
  MAXIMUM         81   3:56 PM  97    1926  84     -3       85
  MINIMUM         67   6:17 AM  42    1972  63      4       59
  AVERAGE         74                        73      1       72

PRECIPITATION (IN)
  YESTERDAY        T             1.87 1989   0.16  -0.16     0.00
  MONTH TO DATE    2.25                      1.89   0.36     0.44
  SINCE JUN 1      2.25                      1.89   0.36     0.44
  SINCE JAN 1     17.69                     19.26  -1.57    28.30

SNOWFALL (IN)
  YESTERDAY        0.0                                       0.0
  MONTH TO DATE    0.0                                       0.0
  SINCE JUN 1      0.0                                       0.0
  SINCE JUL 1     10.3                                       1.6
  SNOW DEPTH       0

DEGREE DAYS
 HEATING
  YESTERDAY        0                         0      0        0
  MONTH TO DATE    0                         5     -5        3
  SINCE JUN 1      0                         5     -5        3
  SINCE JUL 1   3658                      3867   -209     3550

 COOLING
  YESTERDAY        9                         8      1        7
  MONTH TO DATE  124                        84     40      137
  SINCE JUN 1    124                        84     40      137
  SINCE JAN 1    264                       233     31      254
...................................................................


WIND (MPH)
  RESULTANT WIND SPEED   4   RESULTANT WIND DIRECTION   E (80)
  HIGHEST WIND SPEED    14   HIGHEST WIND DIRECTION    SE (120)
  HIGHEST GUST SPEED    17   HIGHEST GUST DIRECTION    SE (120)
  AVERAGE WIND SPEED     6.9


SKY COVER
  AVERAGE SKY COVER 0.9


WEATHER CONDITIONS
THE FOLLOWING WEATHER WAS RECORDED YESTERDAY.
  LIGHT RAIN
  FOG


RELATIVE HUMIDITY (PERCENT)
 HIGHEST    93           1:00 AM
 LOWEST     65           4:00 PM
 AVERAGE    79

..........................................................


THE ROANOKE VA CLIMATE NORMALS FOR TODAY
                         NORMAL    RECORD    YEAR
 MAXIMUM TEMPERATURE (F)   84        98      1954
 MINIMUM TEMPERATURE (F)   63        45      1980


SUNRISE AND SUNSET
JUNE 13 2021..........SUNRISE   5:59 AM EDT   SUNSET   8:41 PM EDT
JUNE 14 2021..........SUNRISE   5:59 AM EDT   SUNSET   8:42 PM EDT


-  INDICATES NEGATIVE NUMBERS.
R  INDICATES RECORD WAS SET OR TIED.
MM INDICATES DATA IS MISSING.
T  INDICATES TRACE AMOUNT.


$$

PW
