000
CDUS41 KRNK 281023
CLIROA

CLIMATE REPORT
NATIONAL WEATHER SERVICE BLACKSBURG, VA
523 AM EST SAT NOV 28 2020

...................................

...THE ROANOKE VA CLIMATE SUMMARY FOR NOVEMBER 27 2020...

CLIMATE NORMAL PERIOD: 1981 TO 2010
CLIMATE RECORD PERIOD: 1912 TO 2020


WEATHER ITEM   OBSERVED TIME   RECORD YEAR NORMAL DEPARTURE LAST
                VALUE   (LST)  VALUE       VALUE  FROM      YEAR
                                                  NORMAL
...................................................................
TEMPERATURE (F)
 YESTERDAY
  MAXIMUM         65   2:14 PM  72    1990  54     11       68
  MINIMUM         40   7:42 AM  14    1930  35      5       46
                                      1938
  AVERAGE         53                        44      9       57

PRECIPITATION (IN)
  YESTERDAY        0.00          1.99 1993   0.11  -0.11     0.22
  MONTH TO DATE    4.73                      3.06   1.67     0.95
  SINCE SEP 1     14.63                      9.84   4.79     8.64
  SINCE JAN 1     57.91                     37.97  19.94    39.34

SNOWFALL (IN)
  YESTERDAY        0.0                                       0.0
  MONTH TO DATE    0.0                                        T
  SINCE SEP 1      0.0                                        T
  SINCE JUL 1      0.0                                        T
  SNOW DEPTH       0

DEGREE DAYS
 HEATING
  YESTERDAY       12                        21     -9        8
  MONTH TO DATE  301                       443   -142      554
  SINCE SEP 1    517                       739   -222      710
  SINCE JUL 1    517                       740   -223      710

 COOLING
  YESTERDAY        0                         0      0        0
  MONTH TO DATE    7                         0      7        0
  SINCE SEP 1    194                       160     34      394
  SINCE JAN 1   1511                      1207    304     1757
...................................................................


WIND (MPH)
  RESULTANT WIND SPEED   1   RESULTANT WIND DIRECTION  NW (330)
  HIGHEST WIND SPEED    12   HIGHEST WIND DIRECTION    NW (330)
  HIGHEST GUST SPEED    14   HIGHEST GUST DIRECTION    NW (320)
  AVERAGE WIND SPEED     2.3


SKY COVER
  AVERAGE SKY COVER 0.3


WEATHER CONDITIONS
THE FOLLOWING WEATHER WAS RECORDED YESTERDAY.
  NO SIGNIFICANT WEATHER WAS OBSERVED.


RELATIVE HUMIDITY (PERCENT)
 HIGHEST    93           4:00 AM
 LOWEST     48           3:00 PM
 AVERAGE    71

..........................................................


THE ROANOKE VA CLIMATE NORMALS FOR TODAY
                         NORMAL    RECORD    YEAR
 MAXIMUM TEMPERATURE (F)   53        78      1990
 MINIMUM TEMPERATURE (F)   34        14      1932


SUNRISE AND SUNSET
NOVEMBER 28 2020......SUNRISE   7:13 AM EST   SUNSET   5:03 PM EST
NOVEMBER 29 2020......SUNRISE   7:14 AM EST   SUNSET   5:03 PM EST


-  INDICATES NEGATIVE NUMBERS.
R  INDICATES RECORD WAS SET OR TIED.
MM INDICATES DATA IS MISSING.
T  INDICATES TRACE AMOUNT.

$$

RAB
