000
CDUS41 KBUF 040717
CLIROC


CLIMATE REPORT
NATIONAL WEATHER SERVICE BUFFALO NY
216 AM EST FRI DEC 4 2020


...................................

...THE ROCHESTER NY CLIMATE SUMMARY FOR DECEMBER 3 2020...

CLIMATE NORMAL PERIOD 1981 TO 2010
CLIMATE RECORD PERIOD 1871 TO 2020


WEATHER ITEM   OBSERVED TIME   RECORD YEAR NORMAL DEPARTURE LAST
                VALUE   (LST)  VALUE       VALUE  FROM      YEAR
                                                  NORMAL
..................................................................
TEMPERATURE (F)
 YESTERDAY
  MAXIMUM         46    338 PM  72    1982  41      5       33
  MINIMUM         31   1215 AM  -3    1940  28      3       12
  AVERAGE         39                        34      5       23

PRECIPITATION (IN)
  YESTERDAY        0.00          0.86 1893   0.10  -0.10     0.04
  MONTH TO DATE    0.30                      0.28   0.02     1.05
  SINCE DEC 1      0.30                      0.28   0.02     1.05
  SINCE JAN 1     29.47                     31.92  -2.45    31.58

SNOWFALL (IN)
  YESTERDAY        0.0          10.5  1893   0.6   -0.6      0.6
  MONTH TO DATE    2.7                       1.6    1.1      6.0
  SINCE DEC 1      2.7                       1.6    1.1      6.0
  SINCE JUL 1      3.9                       9.0   -5.1     23.8
  SNOW DEPTH       1

DEGREE DAYS
 HEATING
  YESTERDAY       26                        31     -5       42
  MONTH TO DATE   86                        92     -6      115
  SINCE DEC 1     86                        92     -6      115
  SINCE JUL 1   1237                      1460   -223     1431

 COOLING
  YESTERDAY        0                         0      0        0
  MONTH TO DATE    0                         0      0        0
  SINCE DEC 1      0                         0      0        0
  SINCE JAN 1    797                       539    258      621
..................................................................


WIND (MPH)
  HIGHEST WIND SPEED    24   HIGHEST WIND DIRECTION     W (250)
  HIGHEST GUST SPEED    34   HIGHEST GUST DIRECTION     W (250)
  AVERAGE WIND SPEED    14.1


SKY COVER
  AVERAGE SKY COVER 0.6


WEATHER CONDITIONS
 THE FOLLOWING WEATHER WAS RECORDED YESTERDAY.
  NO SIGNIFICANT WEATHER WAS OBSERVED.


RELATIVE HUMIDITY (PERCENT)
 HIGHEST    89           200 AM
 LOWEST     31           400 PM
 AVERAGE    60

..........................................................


THE ROCHESTER NY CLIMATE NORMALS FOR TODAY
                         NORMAL    RECORD    YEAR
 MAXIMUM TEMPERATURE (F)   40        70      2012
 MINIMUM TEMPERATURE (F)   27        -3      1940


SUNRISE AND SUNSET
DECEMBER  4 2020......SUNRISE   726 AM EST   SUNSET   436 PM EST
DECEMBER  5 2020......SUNRISE   727 AM EST   SUNSET   436 PM EST


-  INDICATES NEGATIVE NUMBERS.
R  INDICATES RECORD WAS SET OR TIED.
MM INDICATES DATA IS MISSING.
T  INDICATES TRACE AMOUNT.




$$
