358
CDUS45 KABQ 260838
CLIROW


CLIMATE REPORT
NATIONAL WEATHER SERVICE ALBUQUERQUE NM
136 AM MST THU NOV 26 2020


...................................

...THE ROSWELL NM CLIMATE SUMMARY FOR NOVEMBER 25 2020...

CLIMATE NORMAL PERIOD 1981 TO 2010
CLIMATE RECORD PERIOD 1893 TO 2020


WEATHER ITEM   OBSERVED TIME   RECORD YEAR NORMAL DEPARTURE
                VALUE   (LST)  VALUE       VALUE  FROM
                                                  NORMAL
...............................................................
TEMPERATURE (F)
 YESTERDAY
  MAXIMUM         62    352 PM  85    1965  60      2
  MINIMUM         31    715 AM  12    1938  31      0
  AVERAGE         47                        45      2

PRECIPITATION (IN)
  YESTERDAY        0.00          0.70 1935   0.02  -0.02
  MONTH TO DATE    0.12                      0.50  -0.38
  SINCE SEP 1      0.90                      3.26  -2.36
  SINCE JAN 1      6.18                     12.19  -6.01

SNOWFALL (IN)
  YESTERDAY        0.0
  MONTH TO DATE    0.0
  SINCE SEP 1      4.9
  SINCE JUL 1      4.9

DEGREE DAYS
 HEATING
  YESTERDAY       18                        20     -2
  MONTH TO DATE  202                       370   -168
  SINCE SEP 1    412                       544   -132
  SINCE JUL 1    412                       544   -132

 COOLING
  YESTERDAY        0                         0      0
  MONTH TO DATE    9                         0      9
  SINCE SEP 1    388                       264    124
  SINCE JAN 1   2662                      1788    874
...............................................................


WIND (MPH)
  HIGHEST WIND SPEED    13   HIGHEST WIND DIRECTION    SE (150)
  HIGHEST GUST SPEED    18   HIGHEST GUST DIRECTION     S (180)
  AVERAGE WIND SPEED     6.0


SKY COVER
  AVERAGE SKY COVER 0.0


WEATHER CONDITIONS
 THE FOLLOWING WEATHER WAS RECORDED YESTERDAY.
  NO SIGNIFICANT WEATHER WAS OBSERVED.


RELATIVE HUMIDITY (PERCENT)
 HIGHEST    78           600 AM
 LOWEST     25           300 PM
 AVERAGE    52

..........................................................


THE ROSWELL NM CLIMATE NORMALS FOR TODAY
                         NORMAL    RECORD    YEAR
 MAXIMUM TEMPERATURE (F)   60        83      1977
 MINIMUM TEMPERATURE (F)   30         5      1980


SUNRISE AND SUNSET
NOVEMBER 26 2020......SUNRISE   640 AM MST   SUNSET   451 PM MST
NOVEMBER 27 2020......SUNRISE   641 AM MST   SUNSET   451 PM MST


-  INDICATES NEGATIVE NUMBERS.
R  INDICATES RECORD WAS SET OR TIED.
MM INDICATES DATA IS MISSING.
T  INDICATES TRACE AMOUNT.




$$
