000
CDUS43 KARX 290637
CLIRST

CLIMATE REPORT
NATIONAL WEATHER SERVICE
1237 AM CST SUN NOV 29 2020

...................................

...THE ROCHESTER MN CLIMATE SUMMARY FOR NOVEMBER 28 2020...

CLIMATE NORMAL PERIOD 1981 TO 2010
CLIMATE RECORD PERIOD 1886 TO 2020


WEATHER ITEM   OBSERVED TIME   RECORD YEAR NORMAL DEPARTURE LAST
                VALUE   (LST)  VALUE       VALUE  FROM      YEAR
                                                  NORMAL
...................................................................
TEMPERATURE (F)
 YESTERDAY
  MAXIMUM         47    259 PM  62    1909  34     13       27
  MINIMUM         28    717 AM -24    1887  19      9       22
  AVERAGE         38                        27     11       25

PRECIPITATION (IN)
  YESTERDAY        0.00          1.17 2006   0.06  -0.06     0.02
  MONTH TO DATE    2.52                      1.80   0.72     2.45
  SINCE SEP 1      6.73                      7.49  -0.76    16.51
  SINCE JAN 1     31.02                     31.68  -0.66    53.53

SNOWFALL (IN)
  YESTERDAY        0.0           5.5  1983   0.3   -0.3       T
  MONTH TO DATE    4.4                       5.4   -1.0     12.9
  SINCE SEP 1      8.6                       6.2    2.4     13.2
  SINCE JUL 1      8.6                       6.2    2.4     13.2
  SNOW DEPTH       0

DEGREE DAYS
 HEATING
  YESTERDAY       27                        38    -11       40
  MONTH TO DATE  729                       858   -129     1031
  SINCE SEP 1   1625                      1556     69     1758
  SINCE JUL 1   1650                      1594     56     1782

 COOLING
  YESTERDAY        0                         0      0        0
  MONTH TO DATE    0                         0      0        0
  SINCE SEP 1     29                        60    -31       89
  SINCE JAN 1    634                       585     49      509
...................................................................


WIND (MPH)
  HIGHEST WIND SPEED    16   HIGHEST WIND DIRECTION    SW (240)
  HIGHEST GUST SPEED    21   HIGHEST GUST DIRECTION    SW (240)
  AVERAGE WIND SPEED    11.0


WEATHER CONDITIONS
THE FOLLOWING WEATHER WAS RECORDED YESTERDAY.
  NO SIGNIFICANT WEATHER WAS OBSERVED.


RELATIVE HUMIDITY (PERCENT)
 HIGHEST    82          1200 AM
 LOWEST     63           300 PM
 AVERAGE    73

..........................................................


THE ROCHESTER MN CLIMATE NORMALS FOR TODAY
                         NORMAL    RECORD    YEAR
 MAXIMUM TEMPERATURE (F)   33        62      1998
 MINIMUM TEMPERATURE (F)   19       -20      1887


SUNRISE AND SUNSET
NOVEMBER 29 2020......SUNRISE   723 AM CST   SUNSET   434 PM CST
NOVEMBER 30 2020......SUNRISE   724 AM CST   SUNSET   434 PM CST


-  INDICATES NEGATIVE NUMBERS.
R  INDICATES RECORD WAS SET OR TIED.
MM INDICATES DATA IS MISSING.
T  INDICATES TRACE AMOUNT.




$$
