000
CDUS41 KBTV 040542
CLIRUT

CLIMATE REPORT
NATIONAL WEATHER SERVICE BURLINGTON VT
1242 AM EST FRI DEC 04 2020

...................................

...THE RUTLAND VT CLIMATE SUMMARY FOR DECEMBER 3 2020...

CLIMATE NORMAL PERIOD: 9999 TO 9999
CLIMATE RECORD PERIOD: 9999 TO 9999


WEATHER ITEM   OBSERVED TIME   NORMAL DEPARTURE LAST
                VALUE   (LST)  VALUE  FROM      YEAR
                                      NORMAL
.......................................................
TEMPERATURE (F)
 YESTERDAY
  MAXIMUM         43        MM  MM     MM       30
  MINIMUM         26            MM     MM       13
  AVERAGE         35            MM     MM       22

PRECIPITATION (IN)
  YESTERDAY        0.00         MM     MM        0.02
  MONTH TO DATE    0.00          0.00   0.00     0.28
  SINCE DEC 1      0.00          0.00   0.00     0.28
  SINCE JAN 1     16.51          T     16.51    29.79

DEGREE DAYS
 HEATING
  YESTERDAY       30            MM     MM       43
  MONTH TO DATE   77            MM     MM      126
  SINCE DEC 1     77            MM     MM      126
  SINCE JUL 1   1484            MM     MM     1755

 COOLING
  YESTERDAY        0            MM     MM        0
  MONTH TO DATE    0            MM     MM        0
  SINCE DEC 1      0            MM     MM        0
  SINCE JAN 1    580            MM     MM      379
.......................................................


WIND (MPH)
  HIGHEST WIND SPEED    10   HIGHEST WIND DIRECTION    SW (220)
  HIGHEST GUST SPEED    22   HIGHEST GUST DIRECTION    SW (240)
  AVERAGE WIND SPEED     5.9


SKY COVER
  AVERAGE SKY COVER 0.2


WEATHER CONDITIONS
THE FOLLOWING WEATHER WAS RECORDED YESTERDAY.
  NO SIGNIFICANT WEATHER WAS OBSERVED.


RELATIVE HUMIDITY (PERCENT)
 HIGHEST    81           6:00 AM
 LOWEST     55           3:00 PM
 AVERAGE    68

..........................................................


THE RUTLAND VT CLIMATE NORMALS FOR TODAY
                         NORMAL    RECORD    YEAR
 MAXIMUM TEMPERATURE (F)   MM        MM        MM
 MINIMUM TEMPERATURE (F)   MM        MM        MM


SUNRISE AND SUNSET
DECEMBER  4 2020......SUNRISE   7:09 AM EST   SUNSET   4:16 PM EST
DECEMBER  5 2020......SUNRISE   7:10 AM EST   SUNSET   4:15 PM EST


-  INDICATES NEGATIVE NUMBERS.
R  INDICATES RECORD WAS SET OR TIED.
MM INDICATES DATA IS MISSING.
T  INDICATES TRACE AMOUNT.




$$
