000
CDUS45 KPIH 040730
CLIRXE

CLIMATE REPORT
NATIONAL WEATHER SERVICE POCATELLO ID
1230 AM MST FRI DEC 04 2020

...................................

...THE REXBURG ID CLIMATE SUMMARY FOR DECEMBER 3 2020...

CLIMATE NORMAL PERIOD 1981 TO 2010
CLIMATE RECORD PERIOD 1998 TO 2020


WEATHER ITEM   OBSERVED TIME   RECORD YEAR NORMAL DEPARTURE LAST
                VALUE   (LST)  VALUE       VALUE  FROM      YEAR
                                                  NORMAL
...................................................................
TEMPERATURE (F)
 YESTERDAY
  MAXIMUM         28    359 PM  52    1998  31     -3       31
  MINIMUM          3    746 AM  -6    2009  15    -12       27
  AVERAGE         16                        23     -7       29

PRECIPITATION (IN)
  YESTERDAY        0.00         MM      MM   0.02  -0.02     0.02
  MONTH TO DATE    T                         0.08  -0.08     0.17
  SINCE OCT 1      0.97                      2.23  -1.26     1.00
  SINCE JAN 1     10.30                     12.11  -1.81    13.54

SNOWFALL (IN)
  YESTERDAY       MM
  MONTH TO DATE   MM
  SINCE DEC 1     MM
  SINCE JUL 1     MM
  SNOW DEPTH      MM

DEGREE DAYS
 HEATING
  YESTERDAY       49                        42      7       36
  MONTH TO DATE  140                       125     15      122
  SINCE DEC 1    140                       125     15      122
  SINCE JUL 1   1907                      2137   -230     2171

 COOLING
  YESTERDAY        0                         0      0        0
  MONTH TO DATE    0                         0      0        0
  SINCE DEC 1      0                         0      0        0
  SINCE JAN 1    349                       208    141      329
...................................................................


WIND (MPH)
  HIGHEST WIND SPEED     6   HIGHEST WIND DIRECTION    NE (60)
  HIGHEST GUST SPEED     8   HIGHEST GUST DIRECTION    NE (60)
  AVERAGE WIND SPEED     3.0


SKY COVER
  POSSIBLE SUNSHINE  MM
  AVERAGE SKY COVER 0.0


WEATHER CONDITIONS
THE FOLLOWING WEATHER WAS RECORDED YESTERDAY.
  NO SIGNIFICANT WEATHER WAS OBSERVED.


RELATIVE HUMIDITY (PERCENT)
 HIGHEST    76          1200 AM
 LOWEST     46           200 PM
 AVERAGE    61

..........................................................


THE REXBURG ID CLIMATE NORMALS FOR TODAY
                         NORMAL    RECORD    YEAR
 MAXIMUM TEMPERATURE (F)   31        48      2007
                                             2014
 MINIMUM TEMPERATURE (F)   14       -13      2013


SUNRISE AND SUNSET
DECEMBER  4 2020......SUNRISE   745 AM MST   SUNSET   450 PM MST
DECEMBER  5 2020......SUNRISE   746 AM MST   SUNSET   450 PM MST


-  INDICATES NEGATIVE NUMBERS.
R  INDICATES RECORD WAS SET OR TIED.
MM INDICATES DATA IS MISSING.
T  INDICATES TRACE AMOUNT.




$$
