707
CDUS46 KSTO 280845 RRA
CLISAC

CLIMATE REPORT
NATIONAL WEATHER SERVICE SACRAMENTO, CA
1245 AM PST SAT NOV 28 2020


...................................

...THE SACRAMENTO EXEC. AIRPORT CA CLIMATE SUMMARY FOR NOVEMBER 27 2020...

CLIMATE NORMAL PERIOD 1981 TO 2010
CLIMATE RECORD PERIOD 1930 TO 2020


WEATHER ITEM   OBSERVED TIME   RECORD YEAR NORMAL DEPARTURE LAST
                VALUE   (LST)  VALUE       VALUE  FROM      YEAR
                                                  NORMAL
..................................................................
TEMPERATURE (F)
 YESTERDAY
  MAXIMUM         61    314 PM  70    2014  59      2       52
                                      1995
                                      1958
  MINIMUM         32    658 AM  30    1990  40     -8       43
                                      1952
                                      1948
  AVERAGE         47

PRECIPITATION (IN)
  YESTERDAY        0.00          1.00 1981   0.08  -0.08      T
  MONTH TO DATE    0.54                      1.81  -1.27     0.38
  SINCE OCT 1      0.54                      2.76  -2.22     0.38
  SINCE JAN 1      5.27                     15.00  -9.73    19.87

SNOWFALL (IN)
  YESTERDAY        0.0           0.0  2002   0.0            MM
                                      2001
  MONTH TO DATE    0.0                       0.0             0.0
  SINCE SEP 1      0.0                       0.0             0.0
  SINCE JUL 1      0.0                       0.0             0.0

DEGREE DAYS
 HEATING
  YESTERDAY       18

 COOLING
  YESTERDAY        0
..................................................................


WIND (MPH)
  RESULTANT WIND SPEED   2   RESULTANT WIND DIRECTION  SE (140)
  HIGHEST WIND SPEED     9   HIGHEST WIND DIRECTION    SE (150)
  HIGHEST GUST SPEED    12   HIGHEST GUST DIRECTION    SE (130)


SKY COVER
  POSSIBLE SUNSHINE  MM
  AVERAGE SKY COVER 0.0


WEATHER CONDITIONS
 THE FOLLOWING WEATHER WAS RECORDED YESTERDAY.
  HAZE


RELATIVE HUMIDITY (PERCENT)
 HIGHEST    82
 LOWEST     29
 AVERAGE    56

..........................................................


THE SACRAMENTO EXEC. AIRPORT CA CLIMATE NORMALS FOR TODAY
                         NORMAL    RECORD    YEAR
 MAXIMUM TEMPERATURE (F)   59        70      2013
 MINIMUM TEMPERATURE (F)   40        27      2015


SUNRISE AND SUNSET
NOVEMBER 28 2020......SUNRISE   702 AM PST   SUNSET   446 PM PST
NOVEMBER 29 2020......SUNRISE   703 AM PST   SUNSET   446 PM PST


-  INDICATES NEGATIVE NUMBERS.
R  INDICATES RECORD WAS SET OR TIED.
MM INDICATES DATA IS MISSING.
T  INDICATES TRACE AMOUNT.

&&
....................................................................

SACRAMENTO CITY CLIMATE DATA FOR FRIDAY NOVEMBER 27 2020

HIGH...   63  RECORD HIGH    72 IN 1959    NORMAL    HIGH   59
LOW....   36  RECORD LOW     28 IN 1887    NORMAL    LOW    43

RAIN SINCE MIDNIGHT....  0.00   RECORD THIS DATE....... 1.19 IN 1984
TOTAL THIS MONTH.......  0.87   NORMAL SINCE OCT 1ST..........  3.19
TOTAL SINCE OCT 1ST....  0.87   PERCENT OF NORMAL.............   27%

$$
