439
CDUS46 KSTO 130059
CLISAC

CLIMATE REPORT
NATIONAL WEATHER SERVICE SACRAMENTO
555 PM PDT SAT JUN 12 2021

...................................

...THE SACRAMENTO EXEC. AIRPORT CA CLIMATE SUMMARY FOR JUNE 12 2021...
VALID TODAY AS OF 0500 PM LOCAL TIME.

CLIMATE NORMAL PERIOD: 1991 TO 2020
CLIMATE RECORD PERIOD: 1930 TO 2021


WEATHER ITEM   OBSERVED TIME   RECORD YEAR NORMAL DEPARTURE LAST
                VALUE   (LST)  VALUE       VALUE  FROM      YEAR
                                                  NORMAL
...................................................................
TEMPERATURE (F)
 TODAY
  MAXIMUM         90   3:46 PM 106    1960  87      3       77
  MINIMUM         59   4:59 AM  41    1952  56      3       56
  AVERAGE         75

PRECIPITATION (IN)
  TODAY            0.00          0.48 1998   0.00   0.00      T
  MONTH TO DATE    0.00                      0.13  -0.13      T
  SINCE OCT 1      6.56                     17.91 -11.35     9.71
  SINCE JAN 1      4.48                     11.97  -7.49     4.71

DEGREE DAYS
 HEATING
  TODAY            0

 COOLING
  TODAY           10
...................................................................


WIND (MPH)
  RESULTANT WIND SPEED   1   RESULTANT WIND DIRECTION   S (170)
  HIGHEST WIND SPEED    13   HIGHEST WIND DIRECTION    NW (320)
  HIGHEST GUST SPEED    16   HIGHEST GUST DIRECTION    NW (320)


SKY COVER
  POSSIBLE SUNSHINE  MM
  AVERAGE SKY COVER 0.0


WEATHER CONDITIONS
THE FOLLOWING WEATHER WAS RECORDED TODAY.
  NO SIGNIFICANT WEATHER WAS OBSERVED.


RELATIVE HUMIDITY (PERCENT)
 HIGHEST    90
 LOWEST     31
 AVERAGE    61

..........................................................


THE SACRAMENTO EXEC. AIRPORT CA CLIMATE NORMALS FOR TOMORROW
                         NORMAL    RECORD    YEAR
 MAXIMUM TEMPERATURE (F)   87       108      1975
 MINIMUM TEMPERATURE (F)   56        45      1952


SUNRISE AND SUNSET
JUNE 12 2021..........SUNRISE   5:41 AM PDT   SUNSET   8:31 PM PDT
JUNE 13 2021..........SUNRISE   5:41 AM PDT   SUNSET   8:31 PM PDT


-  INDICATES NEGATIVE NUMBERS.
R  INDICATES RECORD WAS SET OR TIED.
MM INDICATES DATA IS MISSING.
T  INDICATES TRACE AMOUNT.

&&
....................................................................

SACRAMENTO CITY CLIMATE DATA FOR SATURDAY JUNE 12 2021

HIGH...   93  RECORD HIGH   106 IN 2015    NORMAL    HIGH   87
LOW....   60  RECORD LOW     44 IN 1952    NORMAL    LOW    58

RAIN SINCE MIDNIGHT....  0.00   RECORD THIS DATE.......  0.8 IN 1884
TOTAL THIS MONTH.......  0.00   NORMAL SINCE OCT 1ST.........  19.83
TOTAL SINCE OCT 1ST...   7.87   PERCENT OF NORMAL.............  40%


$$
NNNN
