000
CDUS45 KTWC 041429
CLISAD

CLIMATE REPORT
NATIONAL WEATHER SERVICE TUCSON AZ
729 AM MST FRI DEC 04 2020

...................................

...THE SAFFORD AZ AIRPORT CLIMATE SUMMARY FOR DECEMBER 4 2020...
VALID AS OF 0700 AM LOCAL TIME.

CLIMATE NORMAL PERIOD 1981 TO 2010
CLIMATE RECORD PERIOD 1998 TO 2020


WEATHER ITEM   OBSERVED TIME   RECORD YEAR NORMAL DEPARTURE LAST
                VALUE   (LST)  VALUE       VALUE  FROM      YEAR
                                                  NORMAL
...................................................................
TEMPERATURE (F)
 TODAY
  MINIMUM         30    442 AM  27    2018  35     -5       49

PRECIPITATION (IN)
  TODAY            0.00          0.57 2014   0.03  -0.03     0.01
  MONTH TO DATE    0.00                      0.13  -0.13     0.01
  SINCE OCT 1      0.32                      1.88  -1.56     2.78
  SINCE JAN 1      3.24                     10.41  -7.17     8.04

DEGREE DAYS
 HEATING
  TODAY           23                        16      7        5

 COOLING
  TODAY            0                         0      0        0
...................................................................


WIND (MPH)
  HIGHEST WIND SPEED    10   HIGHEST WIND DIRECTION    SE (150)
  HIGHEST GUST SPEED    12   HIGHEST GUST DIRECTION    SE (140)


RELATIVE HUMIDITY (PERCENT)
 HIGHEST    34
 LOWEST     18
 AVERAGE    26

..........................................................


THE SAFFORD AZ AIRPORT CLIMATE NORMALS FOR TOMORROW
                         NORMAL    RECORD    YEAR
 MAXIMUM TEMPERATURE (F)   62        73      2012
 MINIMUM TEMPERATURE (F)   35        21      2005


SUNRISE AND SUNSET
DECEMBER  4 2020......SUNRISE   706 AM MST   SUNSET   512 PM MST
DECEMBER  5 2020......SUNRISE   707 AM MST   SUNSET   512 PM MST


-  INDICATES NEGATIVE NUMBERS.
R  INDICATES RECORD WAS SET OR TIED.
MM INDICATES DATA IS MISSING.
T  INDICATES TRACE AMOUNT.




$$
