079
CDUS46 KSGX 290123
CLISAN


CLIMATE REPORT
NATIONAL WEATHER SERVICE SAN DIEGO, CA
523 PM PST SAT NOV 28 2020


...................................

...THE SAN DIEGO INTL AIRPORT CA CLIMATE SUMMARY FOR NOVEMBER 28 2020...
VALID TODAY AS OF 0500 PM LOCAL TIME.

CLIMATE NORMAL PERIOD 1981 TO 2010
CLIMATE RECORD PERIOD 1874 TO 2020


WEATHER ITEM   OBSERVED TIME   RECORD YEAR NORMAL DEPARTURE LAST
                VALUE   (LST)  VALUE       VALUE  FROM      YEAR
                                                  NORMAL
..................................................................
TEMPERATURE (F)
 TODAY
  MAXIMUM         74    212 PM  82    1980  67      7       63
  MINIMUM         42    557 AM  36    1919  51     -9       52
  AVERAGE         58                        58      0       58

PRECIPITATION (IN)
  TODAY            0.00          1.37 2019   0.04  -0.04     1.37
  MONTH TO DATE    0.26                      0.93  -0.67     2.42
  SINCE OCT 1      0.38                      1.50  -1.12     2.42
  SINCE JAN 1      7.23                      8.73  -1.50    10.95

DEGREE DAYS
 HEATING
  TODAY            7                         7      0        7
  MONTH TO DATE   90                       112    -22       58
  SINCE SEP 1     92                       132    -40       66
  SINCE JUL 1     92                       133    -41       66

 COOLING
  TODAY            0                         0      0        0
  MONTH TO DATE   36                        11     25       29
  SINCE SEP 1    531                       250    281      360
  SINCE JAN 1   1296                       718    578      820
..................................................................


WIND (MPH)
  RESULTANT WIND SPEED   2   RESULTANT WIND DIRECTION  NW (320)
  HIGHEST WIND SPEED    13   HIGHEST WIND DIRECTION    NW (320)
  HIGHEST GUST SPEED    17   HIGHEST GUST DIRECTION    NW (320)
  AVERAGE WIND SPEED     2.7


SKY COVER
  POSSIBLE SUNSHINE  MM
  AVERAGE SKY COVER 0.1


WEATHER CONDITIONS
 THE FOLLOWING WEATHER WAS RECORDED TODAY.
  HAZE


RELATIVE HUMIDITY (PERCENT)
 HIGHEST    61          1200 AM
 LOWEST     10          1100 AM
 AVERAGE    36

..........................................................


THE SAN DIEGO INTL AIRPORT CA CLIMATE NORMALS FOR TOMORROW
                         NORMAL    RECORD    YEAR
 MAXIMUM TEMPERATURE (F)   66        86      1907
 MINIMUM TEMPERATURE (F)   50        41      1919
                                             1906
                                             1878


SUNRISE AND SUNSET
NOVEMBER 28 2020......SUNRISE   631 AM PST   SUNSET   443 PM PST
NOVEMBER 29 2020......SUNRISE   632 AM PST   SUNSET   442 PM PST


-  INDICATES NEGATIVE NUMBERS.
R  INDICATES RECORD WAS SET OR TIED.
MM INDICATES DATA IS MISSING.
T  INDICATES TRACE AMOUNT.




$$
