000
CDUS42 KCHS 282227
CLISAV

CLIMATE REPORT
NATIONAL WEATHER SERVICE CHARLESTON SC
527 PM EST SAT NOV 28 2020

...................................

...THE SAVANNAH GA CLIMATE SUMMARY FOR NOVEMBER 28 2020...
VALID TODAY AS OF 0500 PM LOCAL TIME.

CLIMATE NORMAL PERIOD 1981 TO 2010
CLIMATE RECORD PERIOD 1871 TO 2020


WEATHER ITEM   OBSERVED TIME   RECORD YEAR NORMAL DEPARTURE LAST
                VALUE   (LST)  VALUE       VALUE  FROM      YEAR
                                                  NORMAL
...................................................................
TEMPERATURE (F)
 TODAY
  MAXIMUM         64    428 AM  83    1990  67     -3       71
  MINIMUM         58    209 PM  24    1956  45     13       46
  AVERAGE         61                        56      5       59

PRECIPITATION (IN)
  TODAY            0.42          1.43 1914   0.08   0.34     0.00
  MONTH TO DATE    2.41                      2.20   0.21     6.19
  SINCE SEP 1     10.65                     10.47   0.18    14.74
  SINCE JAN 1     48.35                     44.84   3.51    44.54

SNOWFALL (IN)
  TODAY            0.0                       0.0    0.0
  SINCE SEP 1      0.0                       0.0    0.0
  SINCE JUL 1      0.0                       0.0    0.0

DEGREE DAYS
 HEATING
  TODAY            4                        10     -6        6
  MONTH TO DATE   73                       189   -116      244
  SINCE SEP 1     75                       246   -171      249
  SINCE JUL 1     75                       246   -171      249

 COOLING
  TODAY            0                         1     -1        0
  MONTH TO DATE  125                        38     87       12
  SINCE SEP 1    838                       543    295      796
  SINCE JAN 1   3207                      2450    757     3153
...................................................................


WIND (MPH)
  HIGHEST WIND SPEED    20   HIGHEST WIND DIRECTION    NW (320)
  HIGHEST GUST SPEED    27   HIGHEST GUST DIRECTION    NW (330)
  AVERAGE WIND SPEED     5.7


SKY COVER
  POSSIBLE SUNSHINE  MM
  AVERAGE SKY COVER 0.9


WEATHER CONDITIONS
THE FOLLOWING WEATHER WAS RECORDED TODAY.
  HEAVY RAIN
  RAIN
  LIGHT RAIN
  FOG


RELATIVE HUMIDITY (PERCENT)
 HIGHEST    90           500 AM
 LOWEST     83          1000 AM
 AVERAGE    87

..........................................................


THE SAVANNAH GA CLIMATE NORMALS FOR TOMORROW
                         NORMAL    RECORD    YEAR
 MAXIMUM TEMPERATURE (F)   67        82      1985
                                             2016
 MINIMUM TEMPERATURE (F)   44        25      1955
                                             1959


SUNRISE AND SUNSET
NOVEMBER 28 2020......SUNRISE   706 AM EST   SUNSET   520 PM EST
NOVEMBER 29 2020......SUNRISE   706 AM EST   SUNSET   520 PM EST


-  INDICATES NEGATIVE NUMBERS.
R  INDICATES RECORD WAS SET OR TIED.
MM INDICATES DATA IS MISSING.
T  INDICATES TRACE AMOUNT.




$$
