000
CDUS46 KLOX 280916
CLISBA


CLIMATE REPORT
NATIONAL WEATHER SERVICE LOS ANGELES/OXNARD CA
116 AM PST SAT NOV 28 2020


...................................

...THE SANTA BARBARA AIRPORT CA CLIMATE SUMMARY FOR NOVEMBER 27 2020...

CLIMATE NORMAL PERIOD 1981 TO 2010
CLIMATE RECORD PERIOD 1940 TO 2020


WEATHER ITEM   OBSERVED TIME   RECORD YEAR NORMAL DEPARTURE LAST
                VALUE   (LST)  VALUE       VALUE  FROM      YEAR
                                                  NORMAL
..................................................................
TEMPERATURE (F)
 YESTERDAY
  MAXIMUM         MM        MM  90    1977  66     MM       58
  MINIMUM         MM        MM  32    1990  42     MM       41
  AVERAGE         MM                        54     MM       50

PRECIPITATION (IN)
  YESTERDAY       MM             1.08 2019   0.05  MM        1.08
  MONTH TO DATE    0.05                      1.40  -1.35     1.08
  SINCE OCT 1      0.05                      2.21  -2.16     1.08
  SINCE JAN 1      5.87                     14.67  -8.80    19.45

SNOWFALL (IN)
  YESTERDAY       MM
  MONTH TO DATE    0.0
  SINCE SEP 1      0.0
  SINCE JUL 1      0.0

DEGREE DAYS
 HEATING
  YESTERDAY       MM                        11     MM       15
  MONTH TO DATE  198                       227    -29      193
  SINCE SEP 1    256                       393   -137      292
  SINCE JUL 1    310                       444   -134      320

 COOLING
  YESTERDAY       MM                         0     MM        0
  MONTH TO DATE    3                         0      3        1
  SINCE SEP 1    151                        59     92      140
  SINCE JAN 1    370                       186    184      248
..................................................................


WIND (MPH)
  HIGHEST WIND SPEED    MM   HIGHEST WIND DIRECTION    MM
  HIGHEST GUST SPEED    MM   HIGHEST GUST DIRECTION    MM
  AVERAGE WIND SPEED    MM


SKY COVER
  POSSIBLE SUNSHINE  MM
  AVERAGE SKY COVER  MM


WEATHER CONDITIONS
 THE FOLLOWING WEATHER WAS RECORDED YESTERDAY.
  NO SIGNIFICANT WEATHER WAS OBSERVED.


RELATIVE HUMIDITY (PERCENT)
 HIGHEST    MM
 LOWEST     MM
 AVERAGE    MM

..........................................................


THE SANTA BARBARA AIRPORT CA CLIMATE NORMALS FOR TODAY
                         NORMAL    RECORD    YEAR
 MAXIMUM TEMPERATURE (F)   66        90      1977
 MINIMUM TEMPERATURE (F)   42        32      1989


SUNRISE AND SUNSET
NOVEMBER 28 2020......SUNRISE   645 AM PST   SUNSET   449 PM PST
NOVEMBER 29 2020......SUNRISE   646 AM PST   SUNSET   449 PM PST


-  INDICATES NEGATIVE NUMBERS.
R  INDICATES RECORD WAS SET OR TIED.
MM INDICATES DATA IS MISSING.
T  INDICATES TRACE AMOUNT.




$$
