032
CDUS46 KLOX 130130
CLISBA

CLIMATE REPORT
NATIONAL WEATHER SERVICE LOS ANGELES/OXNARD
630 PM PDT SAT JUN 12 2021

...................................

...THE SANTA BARBARA AIRPORT CA CLIMATE SUMMARY FOR JUNE 12 2021...
VALID TODAY AS OF 0500 PM LOCAL TIME.

CLIMATE NORMAL PERIOD: 1991 TO 2020
CLIMATE RECORD PERIOD: 1940 TO 2021


WEATHER ITEM   OBSERVED TIME   RECORD YEAR NORMAL DEPARTURE LAST
                VALUE   (LST)  VALUE       VALUE  FROM      YEAR
                                                  NORMAL
...................................................................
TEMPERATURE (F)
 TODAY
  MAXIMUM         78   1:49 PM  90    1981  70      8       76
  MINIMUM         50   5:02 AM  44    1977  54     -4       58
  AVERAGE         64                        62      2       67

PRECIPITATION (IN)
  TODAY            0.00          0.04 1963   0.01  -0.01     0.00
  MONTH TO DATE    0.01                      0.07  -0.06     0.04
  SINCE JUL 1      7.31                     17.21  -9.90    11.57
  SINCE OCT 1      7.31                     17.11  -9.80    11.57
  SINCE JAN 1      5.36                     12.20  -6.84     5.82

SNOWFALL (IN)
  TODAY           MM
  MONTH TO DATE   MM
  SINCE JUN 1     MM
  SINCE JUL 1      0.0

DEGREE DAYS
 HEATING
  TODAY            1                         4     -3        0
  MONTH TO DATE   46                        48     -2        1
  SINCE JUN 1     46                        48     -2        1
  SINCE JUL 1   2079                      2249   -170     1957

 COOLING
  TODAY            0                         0      0        2
  MONTH TO DATE    0                         0      0       34
  SINCE JUN 1      0                         0      0       34
  SINCE JAN 1      5                        18    -13       84
...................................................................


WIND (MPH)
  HIGHEST WIND SPEED    10   HIGHEST WIND DIRECTION    SE (140)
  HIGHEST GUST SPEED    14   HIGHEST GUST DIRECTION    SW (210)
  AVERAGE WIND SPEED     5.4


SKY COVER
  POSSIBLE SUNSHINE  MM
  AVERAGE SKY COVER 0.0


WEATHER CONDITIONS
THE FOLLOWING WEATHER WAS RECORDED TODAY.
  NO SIGNIFICANT WEATHER WAS OBSERVED.


RELATIVE HUMIDITY (PERCENT)
 HIGHEST    80           5:00 AM
 LOWEST     36           2:00 PM
 AVERAGE    58

..........................................................


THE SANTA BARBARA AIRPORT CA CLIMATE NORMALS FOR TOMORROW
                         NORMAL    RECORD    YEAR
 MAXIMUM TEMPERATURE (F)   70        92      1956
 MINIMUM TEMPERATURE (F)   54        45      1943


SUNRISE AND SUNSET
JUNE 12 2021..........SUNRISE   5:46 AM PDT   SUNSET   8:12 PM PDT
JUNE 13 2021..........SUNRISE   5:46 AM PDT   SUNSET   8:13 PM PDT


-  INDICATES NEGATIVE NUMBERS.
R  INDICATES RECORD WAS SET OR TIED.
MM INDICATES DATA IS MISSING.
T  INDICATES TRACE AMOUNT.




$$
