000
CDUS43 KIWX 290105
CLISBN

CLIMATE REPORT
NATIONAL WEATHER SERVICE NORTHERN INDIANA
805 PM EST SAT NOV 28 2020

...................................

...THE SOUTH BEND CLIMATE SUMMARY FOR NOVEMBER 28 2020...
VALID TODAY AS OF 0700 PM LOCAL TIME.

CLIMATE NORMAL PERIOD 1981 TO 2010
CLIMATE RECORD PERIOD 1893 TO 2020


WEATHER ITEM   OBSERVED TIME   RECORD YEAR NORMAL DEPARTURE LAST
                VALUE   (LST)  VALUE       VALUE  FROM      YEAR
                                                  NORMAL
...................................................................
TEMPERATURE (F)
 TODAY
  MAXIMUM         47    406 PM  67    1909  42      5       40
  MINIMUM         25    718 AM   1    1930  29     -4       35
  AVERAGE         36                        35      1       38

PRECIPITATION (IN)
  TODAY            0.00          1.20 1968   0.11  -0.11      T
  MONTH TO DATE    1.81                      3.06  -1.25     1.36
  SINCE SEP 1      6.34                      9.91  -3.57    13.07
  SINCE JAN 1     34.14                     35.18  -1.04    42.07

SNOWFALL (IN)
  TODAY            0.0           4.3  1966   0.2   -0.2      0.0
  MONTH TO DATE    1.3                       4.2   -2.9      6.8
  SINCE SEP 1      1.3                       4.6   -3.3      7.0
  SINCE JUL 1      1.3                       4.6   -3.3      7.0
  SNOW DEPTH      MM

DEGREE DAYS
 HEATING
  TODAY           29                        30     -1       27
  MONTH TO DATE  525                       667   -142      818
  SINCE SEP 1   1024                      1190   -166     1216
  SINCE JUL 1   1025                      1208   -183     1222

 COOLING
  TODAY            0                         0      0        0
  MONTH TO DATE    3                         0      3        0
  SINCE SEP 1     65                        91    -26      160
  SINCE JAN 1    978                       773    205      779
...................................................................


WIND (MPH)
  HIGHEST WIND SPEED    16   HIGHEST WIND DIRECTION    SW (210)
  HIGHEST GUST SPEED    22   HIGHEST GUST DIRECTION     S (200)
  AVERAGE WIND SPEED     7.3


SKY COVER
  POSSIBLE SUNSHINE  MM
  AVERAGE SKY COVER 0.0


WEATHER CONDITIONS
THE FOLLOWING WEATHER WAS RECORDED TODAY.
  NO SIGNIFICANT WEATHER WAS OBSERVED.


RELATIVE HUMIDITY (PERCENT)
 HIGHEST    89           900 AM
 LOWEST     51           300 PM
 AVERAGE    70

..........................................................


THE SOUTH BEND CLIMATE NORMALS FOR TOMORROW
                         NORMAL    RECORD    YEAR
 MAXIMUM TEMPERATURE (F)   41        74      1905
 MINIMUM TEMPERATURE (F)   28         4      1929


SUNRISE AND SUNSET
NOVEMBER 28 2020......SUNRISE   750 AM EST   SUNSET   516 PM EST
NOVEMBER 29 2020......SUNRISE   751 AM EST   SUNSET   516 PM EST


-  INDICATES NEGATIVE NUMBERS.
R  INDICATES RECORD WAS SET OR TIED.
MM INDICATES DATA IS MISSING.
T  INDICATES TRACE AMOUNT.




$$
