000
CDUS41 KAKQ 040951
CLISBY

CLIMATE REPORT
NATIONAL WEATHER SERVICE WAKEFIELD VA
451 AM EST FRI DEC 04 2020

...................................

...THE SALISBURY MD CLIMATE SUMMARY FOR DECEMBER 3 2020...

CLIMATE NORMAL PERIOD: 1981 TO 2010
CLIMATE RECORD PERIOD: 1900 TO 2020


WEATHER ITEM   OBSERVED TIME   RECORD YEAR NORMAL DEPARTURE LAST
                VALUE   (LST)  VALUE       VALUE  FROM      YEAR
                                                  NORMAL
...................................................................
TEMPERATURE (F)
 YESTERDAY
  MAXIMUM         56   2:26 PM  72    1991  52      4       48
                                      2012
  MINIMUM         27   7:28 AM  14    1946  33     -6       34
                                      1976
  AVERAGE         42                        42      0       41

PRECIPITATION (IN)
  YESTERDAY        0.00          1.67 1948   0.13  -0.13      T
  MONTH TO DATE    0.00                      0.39  -0.39     0.20
  SINCE DEC 1      0.00                      0.39  -0.39     0.20
  SINCE JAN 1     52.90                     42.36  10.54    35.72

SNOWFALL (IN)
  YESTERDAY        0.0          MM      MM   0.0    0.0
  MONTH TO DATE    0.0                       0.1   -0.1
  SINCE DEC 1      0.0                       0.1   -0.1
  SINCE JUL 1      0.0                       0.3   -0.3
  SNOW DEPTH       0

DEGREE DAYS
 HEATING
  YESTERDAY       23                        22      1       24
  MONTH TO DATE   68                        66      2       61
  SINCE DEC 1     68                        66      2       61
  SINCE JUL 1    581                       884   -303      787

 COOLING
  YESTERDAY        0                         0      0        0
  MONTH TO DATE    0                         0      0        0
  SINCE DEC 1      0                         0      0        0
  SINCE JAN 1   1544                      1153    391     1649
...................................................................


WIND (MPH)
  HIGHEST WIND SPEED    13   HIGHEST WIND DIRECTION    SW (210)
  HIGHEST GUST SPEED    17   HIGHEST GUST DIRECTION     W (250)
  AVERAGE WIND SPEED     4.0


SKY COVER
  POSSIBLE SUNSHINE  MM
  AVERAGE SKY COVER 0.0


WEATHER CONDITIONS
THE FOLLOWING WEATHER WAS RECORDED YESTERDAY.
  NO SIGNIFICANT WEATHER WAS OBSERVED.


RELATIVE HUMIDITY (PERCENT)
 HIGHEST    89           8:00 AM
 LOWEST     31           3:00 PM
 AVERAGE    60

..........................................................


THE SALISBURY MD CLIMATE NORMALS FOR TODAY
                         NORMAL    RECORD    YEAR
 MAXIMUM TEMPERATURE (F)   52        75      1998
 MINIMUM TEMPERATURE (F)   33         9      1940


SUNRISE AND SUNSET
DECEMBER  4 2020......SUNRISE   7:03 AM EST   SUNSET   4:41 PM EST
DECEMBER  5 2020......SUNRISE   7:04 AM EST   SUNSET   4:41 PM EST


-  INDICATES NEGATIVE NUMBERS.
R  INDICATES RECORD WAS SET OR TIED.
MM INDICATES DATA IS MISSING.
T  INDICATES TRACE AMOUNT.




$$
