900
CDUS46 KSTO 290052
CLISCK


CLIMATE REPORT
NATIONAL WEATHER SERVICE SACRAMENTO, CA
452 PM PST SAT NOV 28 2020


...................................

...THE STOCKTON AIRPORT CA CLIMATE SUMMARY FOR NOVEMBER 28 2020...
VALID TODAY AS OF 0400 PM LOCAL TIME.

CLIMATE NORMAL PERIOD 1981 TO 2010
CLIMATE RECORD PERIOD 1948 TO 2020


WEATHER ITEM   OBSERVED TIME   RECORD YEAR NORMAL DEPARTURE LAST
                VALUE   (LST)  VALUE       VALUE  FROM      YEAR
                                                  NORMAL
..................................................................
TEMPERATURE (F)
 TODAY
  MAXIMUM         64    349 PM  70    1959  59      5       51
  MINIMUM         29    716 AM  28    2015  39    -10       38
                                      1976
                                      1948
  AVERAGE         47

PRECIPITATION (IN)
  TODAY            0.00          1.22 1970   0.05  -0.05     0.20
  MONTH TO DATE    0.09                      1.56  -1.47     0.63
  SINCE OCT 1      0.09                      2.38  -2.29     0.63
  SINCE JAN 1      4.12                     11.71  -7.59    13.35

SNOWFALL (IN)
  TODAY            0.0           0.0  2001
  MONTH TO DATE    0.0
  SINCE SEP 1      0.0
  SINCE JUL 1      0.0

DEGREE DAYS
 HEATING
  TODAY           18                        16      2       20
  MONTH TO DATE  311                       328    -17      214
  SINCE SEP 1    346                       425    -79      294
  SINCE JUL 1    346                       425    -79      294

 COOLING
  TODAY            0                         0      0        0
  MONTH TO DATE    0                         0      0        0
  SINCE SEP 1    557                       276    281      318
  SINCE JAN 1   2083                      1320    763     1686
..................................................................


WIND (MPH)
  RESULTANT WIND SPEED   1   RESULTANT WIND DIRECTION   W (290)
  HIGHEST WIND SPEED     8   HIGHEST WIND DIRECTION    NW (320)
  HIGHEST GUST SPEED    14   HIGHEST GUST DIRECTION     W (280)


SKY COVER
  POSSIBLE SUNSHINE  MM
  AVERAGE SKY COVER 0.0


WEATHER CONDITIONS
 THE FOLLOWING WEATHER WAS RECORDED TODAY.
  HAZE


RELATIVE HUMIDITY (PERCENT)
 HIGHEST    82           800 AM
 LOWEST     31           300 PM
 AVERAGE    57

..........................................................


THE STOCKTON AIRPORT CA CLIMATE NORMALS FOR TOMORROW
                         NORMAL    RECORD    YEAR
 MAXIMUM TEMPERATURE (F)   58        73      1995
 MINIMUM TEMPERATURE (F)   39        25      2015


SUNRISE AND SUNSET
NOVEMBER 28 2020......SUNRISE   700 AM PST   SUNSET   447 PM PST
NOVEMBER 29 2020......SUNRISE   701 AM PST   SUNSET   446 PM PST


-  INDICATES NEGATIVE NUMBERS.
R  INDICATES RECORD WAS SET OR TIED.
MM INDICATES DATA IS MISSING.
T  INDICATES TRACE AMOUNT.




$$
