000
CDUS46 KLOX 040905
CLISDB


CLIMATE REPORT
NATIONAL WEATHER SERVICE LOS ANGELES/OXNARD CA
104 AM PST FRI DEC 4 2020


...................................

...THE SANDBERG CA CLIMATE SUMMARY FOR DECEMBER 3 2020...

CLIMATE NORMAL PERIOD 1981 TO 2010
CLIMATE RECORD PERIOD 1934 TO 2020


WEATHER ITEM   OBSERVED TIME   RECORD YEAR NORMAL DEPARTURE LAST
                VALUE   (LST)  VALUE       VALUE  FROM      YEAR
                                                  NORMAL
..................................................................
TEMPERATURE (F)
 YESTERDAY
  MAXIMUM         51    203 PM  70    1958  50      1       46
  MINIMUM         37    727 AM  25    1971  38     -1       39
  AVERAGE         44                        44      0       43

PRECIPITATION (IN)
  YESTERDAY        0.00          1.71 1974   0.05  -0.05     0.01
  MONTH TO DATE    0.00                      0.13  -0.13     0.01
  SINCE OCT 1      0.10                      1.51  -1.41     2.72
  SINCE JAN 1      8.47                     10.21  -1.74    17.66

DEGREE DAYS
 HEATING
  YESTERDAY       21                        21      0       22
  MONTH TO DATE   45                        63    -18       76
  SINCE DEC 1     45                        63    -18       76
  SINCE JUL 1    465                       842   -377      675

 COOLING
  YESTERDAY        0                         0      0        0
  MONTH TO DATE    0                         0      0        0
  SINCE DEC 1      0                         0      0        0
  SINCE JAN 1   1679                       998    681     1154
..................................................................


WIND (MPH)
  HIGHEST WIND SPEED    39   HIGHEST WIND DIRECTION    NE (60)
  HIGHEST GUST SPEED    49   HIGHEST GUST DIRECTION     E (70)
  AVERAGE WIND SPEED    20.9


SKY COVER
  POSSIBLE SUNSHINE  MM
  AVERAGE SKY COVER 0.0


WEATHER CONDITIONS
 THE FOLLOWING WEATHER WAS RECORDED YESTERDAY.
  NO SIGNIFICANT WEATHER WAS OBSERVED.


RELATIVE HUMIDITY (PERCENT)
 HIGHEST    29           700 AM
 LOWEST     13           200 PM
 AVERAGE    21

..........................................................


THE SANDBERG CA CLIMATE NORMALS FOR TODAY
                         NORMAL    RECORD    YEAR
 MAXIMUM TEMPERATURE (F)   49        74      2016
 MINIMUM TEMPERATURE (F)   38        21      1986


SUNRISE AND SUNSET
DECEMBER  4 2020......SUNRISE   647 AM PST   SUNSET   444 PM PST
DECEMBER  5 2020......SUNRISE   648 AM PST   SUNSET   444 PM PST


-  INDICATES NEGATIVE NUMBERS.
R  INDICATES RECORD WAS SET OR TIED.
MM INDICATES DATA IS MISSING.
T  INDICATES TRACE AMOUNT.




$$
