468
CDUS43 KLMK 290631
CLISDF


CLIMATE REPORT
NATIONAL WEATHER SERVICE LOUISVILLE KY
131 AM EST SUN NOV 29 2020


...................................

...THE LOUISVILLE KY CLIMATE SUMMARY FOR NOVEMBER 28 2020...

CLIMATE NORMAL PERIOD 1981 TO 2010
CLIMATE RECORD PERIOD 1871 TO 2020


WEATHER ITEM   OBSERVED TIME   RECORD YEAR NORMAL DEPARTURE LAST
                VALUE   (LST)  VALUE       VALUE  FROM      YEAR
                                                  NORMAL
..................................................................
TEMPERATURE (F)
 YESTERDAY
  MAXIMUM         53    338 PM  73    1909  52      1       42
  MINIMUM         35    804 AM   8    1887  35      0       35
  AVERAGE         44                        44      0       39

PRECIPITATION (IN)
  YESTERDAY        0.00          2.60 1905   0.13  -0.13      T
  MONTH TO DATE    1.90                      3.33  -1.43     2.62
  SINCE SEP 1     10.29                      9.60   0.69     8.28
  SINCE JAN 1     49.61                     40.82   8.79    46.66

SNOWFALL (IN)
  YESTERDAY        0.0           5.5  1958   0.0    0.0      0.0
  MONTH TO DATE    0.0                       0.1   -0.1      1.0
  SINCE SEP 1      0.0                       0.2   -0.2      1.0
  SINCE JUL 1      0.0                       0.2   -0.2      1.0
  SNOW DEPTH       0

DEGREE DAYS
 HEATING
  YESTERDAY       21                        22     -1       26
  MONTH TO DATE  320                       448   -128      616
  SINCE SEP 1    535                       690   -155      783
  SINCE JUL 1    535                       690   -155      783

 COOLING
  YESTERDAY        0                         0      0        0
  MONTH TO DATE   12                         0     12        0
  SINCE SEP 1    276                       252     24      529
  SINCE JAN 1   1758                      1609    149     2112
..................................................................


WIND (MPH)
  HIGHEST WIND SPEED    13   HIGHEST WIND DIRECTION    NW (320)
  HIGHEST GUST SPEED    17   HIGHEST GUST DIRECTION    NW (320)
  AVERAGE WIND SPEED     3.8


SKY COVER
  POSSIBLE SUNSHINE  MM
  AVERAGE SKY COVER 0.2


WEATHER CONDITIONS
 THE FOLLOWING WEATHER WAS RECORDED YESTERDAY.
  NO SIGNIFICANT WEATHER WAS OBSERVED.


RELATIVE HUMIDITY (PERCENT)
 HIGHEST    89           300 AM
 LOWEST     36           500 PM
 AVERAGE    63

..........................................................


THE LOUISVILLE KY CLIMATE NORMALS FOR TODAY
                         NORMAL    RECORD    YEAR
 MAXIMUM TEMPERATURE (F)   51        74      1927
 MINIMUM TEMPERATURE (F)   35         4      1872


SUNRISE AND SUNSET
NOVEMBER 29 2020......SUNRISE   739 AM EST   SUNSET   524 PM EST
NOVEMBER 30 2020......SUNRISE   740 AM EST   SUNSET   523 PM EST


-  INDICATES NEGATIVE NUMBERS.
R  INDICATES RECORD WAS SET OR TIED.
MM INDICATES DATA IS MISSING.
T  INDICATES TRACE AMOUNT.




$$
