000
CDUS46 KSGX 041015
CLISDM


CLIMATE REPORT
NATIONAL WEATHER SERVICE SAN DIEGO, CA
215 AM PST FRI DEC 4 2020


...................................

...THE SAN DIEGO/BROWN CLIMATE SUMMARY FOR DECEMBER 3 2020...

CLIMATE NORMAL PERIOD 1981 TO 2010
CLIMATE RECORD PERIOD 1943 TO 2020


WEATHER ITEM   OBSERVED TIME   RECORD YEAR NORMAL DEPARTURE LAST
                VALUE   (LST)  VALUE       VALUE  FROM      YEAR
                                                  NORMAL
..................................................................
TEMPERATURE (F)
 YESTERDAY
  MAXIMUM         74   1238 PM  87    1958  67      7       66
  MINIMUM         42    932 PM  37    2016  44     -2       50
  AVERAGE         58                        55      3       58

PRECIPITATION (IN)
  YESTERDAY        0.00          0.29 2014   0.06  -0.06     0.04
  MONTH TO DATE    0.00                      0.17  -0.17     0.04
  SINCE OCT 1      0.56                      1.81  -1.25     4.46
  SINCE JAN 1      8.71                     10.62  -1.91    13.58

DEGREE DAYS
 HEATING
  YESTERDAY        7                        10     -3        7
  MONTH TO DATE   14                        29    -15       20
  SINCE DEC 1     14                        29    -15       20
  SINCE JUL 1    192                       298   -106      175

 COOLING
  YESTERDAY        0                         0      0        0
  MONTH TO DATE    0                         0      0        0
  SINCE DEC 1      0                         0      0        0
  SINCE JAN 1   1179                       623    556      681
..................................................................


WIND (MPH)
  RESULTANT WIND SPEED   7   RESULTANT WIND DIRECTION   E (100)
  HIGHEST WIND SPEED    24   HIGHEST WIND DIRECTION    SE (120)
  HIGHEST GUST SPEED    34   HIGHEST GUST DIRECTION     E (110)
  AVERAGE WIND SPEED     7.7


SKY COVER
  POSSIBLE SUNSHINE  MM
  AVERAGE SKY COVER 0.0


WEATHER CONDITIONS
 THE FOLLOWING WEATHER WAS RECORDED YESTERDAY.
  HAZE


RELATIVE HUMIDITY (PERCENT)
 HIGHEST    28          1100 PM
 LOWEST      9          1200 PM
 AVERAGE    19

..........................................................


THE SAN DIEGO/BROWN CLIMATE NORMALS FOR TODAY
                         NORMAL    RECORD    YEAR
 MAXIMUM TEMPERATURE (F)   67        78      2007
                                             2006
 MINIMUM TEMPERATURE (F)   43        35      2011


SUNRISE AND SUNSET
DECEMBER  4 2020......SUNRISE   635 AM PST   SUNSET   442 PM PST
DECEMBER  5 2020......SUNRISE   636 AM PST   SUNSET   442 PM PST


-  INDICATES NEGATIVE NUMBERS.
R  INDICATES RECORD WAS SET OR TIED.
MM INDICATES DATA IS MISSING.
T  INDICATES TRACE AMOUNT.




$$
