000
CDUS46 KSEW 280828
CLISEW


CLIMATE REPORT
NATIONAL WEATHER SERVICE SEATTLE WA
1227 AM PST SAT NOV 28 2020


...................................

...THE SEATTLE WA WFO CLIMATE SUMMARY FOR NOVEMBER 27 2020...

CLIMATE NORMAL PERIOD 1981 TO 2010
CLIMATE RECORD PERIOD 1986 TO 2020


WEATHER ITEM   OBSERVED TIME   RECORD YEAR     LAST
                VALUE   (LST)  VALUE           YEAR
....................................................
TEMPERATURE (F)
 YESTERDAY
  MAXIMUM         53        MM  59    2014    47
  MINIMUM         46        MM  27    2006    36
  AVERAGE         50                          42

PRECIPITATION (IN)
  YESTERDAY        0.02          0.84 2011     0.00
  MONTH TO DATE    4.96                        1.77
  SINCE OCT 1      7.94                        4.38
  SINCE JAN 1     38.19                       23.96

SNOWFALL (IN)
  YESTERDAY        0.0                         0.0
  MONTH TO DATE    0.0                         0.0
  SINCE OCT 1      0.0                         0.0
  SINCE JUL 1      0.0                         0.0
  SNOW DEPTH      MM

DEGREE DAYS
 HEATING
  YESTERDAY       15                          23
  MONTH TO DATE  478                         469
  SINCE SEP 1    850                        1001
  SINCE JUL 1    905                        1025

 COOLING
  YESTERDAY        0                           0
  MONTH TO DATE    0                           0
  SINCE SEP 1     62                          30
  SINCE JAN 1    248                         215
....................................................





WEATHER CONDITIONS
 THE FOLLOWING WEATHER WAS RECORDED YESTERDAY.
  LIGHT RAIN






-  INDICATES NEGATIVE NUMBERS.
R  INDICATES RECORD WAS SET OR TIED.
MM INDICATES DATA IS MISSING.
T  INDICATES TRACE AMOUNT.




$$
