732
CDUS46 KSEW 130826
CLISEW

CLIMATE REPORT
NATIONAL WEATHER SERVICE SEATTLE
126 AM PDT SUN JUN 13 2021

...................................

...THE SEATTLE WA WFO CLIMATE SUMMARY FOR JUNE 12 2021...

CLIMATE NORMAL PERIOD 1991 TO 2020
CLIMATE RECORD PERIOD 1986 TO 2021


WEATHER ITEM   OBSERVED TIME   RECORD YEAR     LAST
                VALUE   (LST)  VALUE           YEAR
.....................................................
TEMPERATURE (F)
 YESTERDAY
  MAXIMUM         74        MM  91    2019    61
  MINIMUM         52        MM  45    1952    53
  AVERAGE         63                          57

PRECIPITATION (IN)
  YESTERDAY        0.14          0.47 1953     0.23
  MONTH TO DATE    1.32                        0.97
  SINCE OCT 1     33.21                       34.95
  SINCE JAN 1     18.89                       23.26

SNOWFALL (IN)
  YESTERDAY        0.0                         0.0
  MONTH TO DATE    0.0                         0.0
  SINCE OCT 1      9.2                         3.8
  SINCE JUL 1      9.2                         3.8
  SNOW DEPTH       0

DEGREE DAYS
 HEATING
  YESTERDAY        2                           8
  MONTH TO DATE   63                          63
  SINCE JUN 1     63                          63
  SINCE JUL 1   4207                        4268

 COOLING
  YESTERDAY        0                           0
  MONTH TO DATE   12                           1
  SINCE JUN 1     12                           1
  SINCE JAN 1     12                          13
.....................................................


WEATHER CONDITIONS
THE FOLLOWING WEATHER WAS RECORDED YESTERDAY.
  LIGHT RAIN



-  INDICATES NEGATIVE NUMBERS.
R  INDICATES RECORD WAS SET OR TIED.
MM INDICATES DATA IS MISSING.
T  INDICATES TRACE AMOUNT.




$$
