845
CDUS42 KMLB 282116
CLISFB

CLIMATE REPORT
NATIONAL WEATHER SERVICE MELBOURNE FL
416 PM EST SAT NOV 28 2020

...................................

...THE SANFORD CLIMATE SUMMARY FOR NOVEMBER 28 2020...
VALID TODAY AS OF 0400 PM LOCAL TIME.

CLIMATE NORMAL PERIOD 1981 TO 2010
CLIMATE RECORD PERIOD 1948 TO 2020


WEATHER ITEM   OBSERVED TIME   RECORD YEAR NORMAL DEPARTURE LAST
                VALUE   (LST)  VALUE       VALUE  FROM      YEAR
                                                  NORMAL
...................................................................
TEMPERATURE (F)
 TODAY
  MAXIMUM         83    301 PM  88    1948  76      7       81
                                      1973
  MINIMUM         65    633 AM  32    1956  55     10       57
  AVERAGE         74                        66      8       69

PRECIPITATION (IN)
  TODAY            0.00          0.49 2005   0.10  -0.10     0.00
  MONTH TO DATE    2.95                      2.31   0.64     1.25
  SINCE SEP 1     12.16                     12.16   0.00    11.18
  SINCE JAN 1     39.61                     48.76  -9.15    45.62

SNOWFALL (IN)
  TODAY            0.0
  MONTH TO DATE    0.0
  SINCE JUL 1      0.0

DEGREE DAYS
 HEATING
  TODAY            0                         3     -3        0
  MONTH TO DATE    0                        36    -36       51
  SINCE SEP 1      0                        42    -42       51
  SINCE JUL 1      0                        42    -42       51

 COOLING
  TODAY            9                         3      6        4
  MONTH TO DATE  241                       134    107      126
  SINCE SEP 1   1201                       942    259     1083
  SINCE JAN 1   4166                      3358    808     3887
...................................................................


WIND (MPH)
  HIGHEST WIND SPEED    12   HIGHEST WIND DIRECTION     W (290)
  HIGHEST GUST SPEED    15   HIGHEST GUST DIRECTION    SW (240)
  AVERAGE WIND SPEED     6.0


SKY COVER
  AVERAGE SKY COVER 0.1


WEATHER CONDITIONS
THE FOLLOWING WEATHER WAS RECORDED TODAY.
  NO SIGNIFICANT WEATHER WAS OBSERVED.


RELATIVE HUMIDITY (PERCENT)
 HIGHEST    90           400 AM
 LOWEST     47           200 PM
 AVERAGE    69

..........................................................


THE SANFORD CLIMATE NORMALS FOR TOMORROW
                         NORMAL    RECORD    YEAR
 MAXIMUM TEMPERATURE (F)   76        89      1948
 MINIMUM TEMPERATURE (F)   55        32      1950


SUNRISE AND SUNSET
NOVEMBER 28 2020......SUNRISE   659 AM EST   SUNSET   527 PM EST
NOVEMBER 29 2020......SUNRISE   659 AM EST   SUNSET   527 PM EST


-  INDICATES NEGATIVE NUMBERS.
R  INDICATES RECORD WAS SET OR TIED.
MM INDICATES DATA IS MISSING.
T  INDICATES TRACE AMOUNT.




$$
