000
CDUS46 KOTX 280832
CLISFF

CLIMATE REPORT
NATIONAL WEATHER SERVICE SPOKANE WA
1232 AM PST SAT NOV 28 2020

...................................

...THE SPOKANE WA FELTS AIRPORT CLIMATE SUMMARY FOR NOVEMBER 27 2020...

CLIMATE NORMAL PERIOD 1981 TO 2010
CLIMATE RECORD PERIOD 9999 TO 9999


WEATHER ITEM   OBSERVED TIME   RECORD YEAR NORMAL DEPARTURE LAST
                VALUE   (LST)  VALUE       VALUE  FROM      YEAR
                                                  NORMAL
...................................................................
TEMPERATURE (F)
 YESTERDAY
  MAXIMUM         47    246 PM  MM      MM  39      8       37
  MINIMUM         30    738 AM  MM      MM  28      2       30
  AVERAGE         39                        33      6       34

PRECIPITATION (IN)
  YESTERDAY        0.00         MM      MM   0.08  -0.08      T
  MONTH TO DATE    1.31                      2.00  -0.69     0.69
  SINCE OCT 1      3.00                      3.37  -0.37     2.30
  SINCE JAN 1     13.38                     14.95  -1.57    14.03

SNOWFALL (IN)
  YESTERDAY       MM

DEGREE DAYS
 HEATING
  YESTERDAY       26                        32     -6       31
  MONTH TO DATE  677                       738    -61      716
  SINCE SEP 1   1247                      1429   -182     1532
  SINCE JUL 1   1262                      1475   -213     1537

 COOLING
  YESTERDAY        0                         0      0        0
  MONTH TO DATE    0                         0      0        0
  SINCE SEP 1     58                        30     28       40
  SINCE JAN 1    553                       406    147      522
...................................................................


WIND (MPH)
  HIGHEST WIND SPEED    14   HIGHEST WIND DIRECTION    SW (220)
  HIGHEST GUST SPEED    19   HIGHEST GUST DIRECTION     S (200)
  AVERAGE WIND SPEED     3.0


SKY COVER
  POSSIBLE SUNSHINE  MM
  AVERAGE SKY COVER 0.0


WEATHER CONDITIONS
THE FOLLOWING WEATHER WAS RECORDED YESTERDAY.
  FOG


RELATIVE HUMIDITY (PERCENT)
 HIGHEST    92           700 AM
 LOWEST     49          1200 PM
 AVERAGE    71

..........................................................


THE SPOKANE WA FELTS AIRPORT CLIMATE NORMALS FOR TODAY
                         NORMAL    RECORD    YEAR
 MAXIMUM TEMPERATURE (F)   39        MM        MM
 MINIMUM TEMPERATURE (F)   27        MM        MM


SUNRISE AND SUNSET
NOVEMBER 28 2020......SUNRISE   714 AM PST   SUNSET   401 PM PST
NOVEMBER 29 2020......SUNRISE   715 AM PST   SUNSET   400 PM PST


-  INDICATES NEGATIVE NUMBERS.
R  INDICATES RECORD WAS SET OR TIED.
MM INDICATES DATA IS MISSING.
T  INDICATES TRACE AMOUNT.




$$
