809
CDUS46 KOTX 130826
CLISFF

CLIMATE REPORT
NATIONAL WEATHER SERVICE SPOKANE WA
126 AM PDT SUN JUN 13 2021

...................................

...THE SPOKANE WA FELTS AIRPORT CLIMATE SUMMARY FOR JUNE 12 2021...

CLIMATE NORMAL PERIOD 1991 TO 2020
CLIMATE RECORD PERIOD 9999 TO 9999


WEATHER ITEM   OBSERVED TIME   RECORD YEAR NORMAL DEPARTURE LAST
                VALUE   (LST)  VALUE       VALUE  FROM      YEAR
                                                  NORMAL
...................................................................
TEMPERATURE (F)
 YESTERDAY
  MAXIMUM         77    356 PM  MM      MM  74      3       76
  MINIMUM         51    427 AM  MM      MM  50      1       55
  AVERAGE         64                        62      2       66

PRECIPITATION (IN)
  YESTERDAY        0.07         MM      MM   0.06   0.01     0.06
  MONTH TO DATE    0.15                      0.70  -0.55     0.63
  SINCE OCT 1      8.90                     14.69  -5.79    13.20
  SINCE JAN 1      3.95                      9.04  -5.09     8.83

SNOWFALL (IN)
  YESTERDAY       MM

DEGREE DAYS
 HEATING
  YESTERDAY        1                         4     -3        0
  MONTH TO DATE   46                        60    -14       60
  SINCE JUN 1     46                        60    -14       60
  SINCE JUL 1   5560                      5969   -409     5798

 COOLING
  YESTERDAY        0                         1     -1        1
  MONTH TO DATE   41                        12     29        3
  SINCE JUN 1     41                        12     29        3
  SINCE JAN 1     49                        26     23       17
...................................................................


WIND (MPH)
  HIGHEST WIND SPEED    15   HIGHEST WIND DIRECTION     S (180)
  HIGHEST GUST SPEED    20   HIGHEST GUST DIRECTION     S (190)
  AVERAGE WIND SPEED     3.8


SKY COVER
  POSSIBLE SUNSHINE  MM
  AVERAGE SKY COVER 0.6


WEATHER CONDITIONS
THE FOLLOWING WEATHER WAS RECORDED YESTERDAY.
  LIGHT RAIN


RELATIVE HUMIDITY (PERCENT)
 HIGHEST    97           500 AM
 LOWEST     24           300 PM
 AVERAGE    61

..........................................................


THE SPOKANE WA FELTS AIRPORT CLIMATE NORMALS FOR TODAY
                         NORMAL    RECORD    YEAR
 MAXIMUM TEMPERATURE (F)   75        MM        MM
 MINIMUM TEMPERATURE (F)   50        MM        MM


SUNRISE AND SUNSET
JUNE 13 2021..........SUNRISE   451 AM PDT   SUNSET   848 PM PDT
JUNE 14 2021..........SUNRISE   451 AM PDT   SUNSET   849 PM PDT


-  INDICATES NEGATIVE NUMBERS.
R  INDICATES RECORD WAS SET OR TIED.
MM INDICATES DATA IS MISSING.
T  INDICATES TRACE AMOUNT.




$$
