887
CDUS43 KSGF 290626
CLISGF

CLIMATE REPORT
NATIONAL WEATHER SERVICE
1226 AM CST SUN NOV 29 2020

...................................

...THE SPRINGFIELD MO CLIMATE SUMMARY FOR NOVEMBER 28 2020...

CLIMATE NORMAL PERIOD: 1981 TO 2010
CLIMATE RECORD PERIOD: 1888 TO 2020


WEATHER ITEM   OBSERVED TIME   RECORD YEAR NORMAL DEPARTURE LAST
                VALUE   (LST)  VALUE       VALUE  FROM      YEAR
                                                  NORMAL
...................................................................
TEMPERATURE (F)
 YESTERDAY
  MAXIMUM         55   2:34 PM  73    1905  51      4       36
                                      1998
                                      2017
  MINIMUM         25   6:55 AM  10    1896  30     -5       33
                                      1955
                                      1976
  AVERAGE         40

PRECIPITATION (IN)
  YESTERDAY        0.00          0.64 1908   0.14  -0.14     0.31
  MONTH TO DATE    2.94                      3.95  -1.01     2.01
  SINCE SEP 1      8.73                     12.15  -3.42    11.80
  SINCE JAN 1     48.15                     42.26   5.89    51.88

SNOWFALL (IN)
  YESTERDAY        0.0                                      MM
  MONTH TO DATE    0.0                                       0.0
  SINCE SEP 1      0.0                                        T
  SINCE JUL 1      0.0                                        T
  SNOW DEPTH       0

DEGREE DAYS
 HEATING
  YESTERDAY       25                        25              30
  MONTH TO DATE  383                       521             592
  SINCE SEP 1    733                       827             926
  SINCE JUL 1    733                       829             926

 COOLING
  YESTERDAY        0                         0               0
  MONTH TO DATE    4                         0               0
  SINCE SEP 1    215                       201             444
  SINCE JAN 1   1462                      1387            1687
...................................................................


WIND (MPH)
  RESULTANT WIND SPEED   1   RESULTANT WIND DIRECTION  SE (140)
  HIGHEST WIND SPEED     9   HIGHEST WIND DIRECTION     S (180)
  HIGHEST GUST SPEED    12   HIGHEST GUST DIRECTION     E (100)
  AVERAGE WIND SPEED     2.6


SKY COVER
  AVERAGE SKY COVER 0.0


WEATHER CONDITIONS
THE FOLLOWING WEATHER WAS RECORDED YESTERDAY.
  NO SIGNIFICANT WEATHER WAS OBSERVED.


RELATIVE HUMIDITY (PERCENT)
 HIGHEST    92
 LOWEST     33
 AVERAGE    63

..........................................................


THE SPRINGFIELD MO CLIMATE NORMALS FOR TODAY
                         NORMAL    RECORD    YEAR
 MAXIMUM TEMPERATURE (F)   50        76      1927
 MINIMUM TEMPERATURE (F)   30         6      1976


SUNRISE AND SUNSET
NOVEMBER 29 2020......SUNRISE   7:07 AM CST   SUNSET   4:57 PM CST
NOVEMBER 30 2020......SUNRISE   7:08 AM CST   SUNSET   4:56 PM CST


-  INDICATES NEGATIVE NUMBERS.
R  INDICATES RECORD WAS SET OR TIED.
MM INDICATES DATA IS MISSING.
T  INDICATES TRACE AMOUNT.




$$
