000
CDUS45 KBYZ 281040
CLISHR

CLIMATE REPORT
NATIONAL WEATHER SERVICE BILLINGS MT
340 AM MST SAT NOV 28 2020

...................................

...THE SHERIDAN WY CLIMATE SUMMARY FOR NOVEMBER 27 2020...

CLIMATE NORMAL PERIOD 1981 TO 2010
CLIMATE RECORD PERIOD 1907 TO 2020


WEATHER ITEM   OBSERVED TIME   RECORD YEAR NORMAL DEPARTURE LAST
                VALUE   (LST)  VALUE       VALUE  FROM      YEAR
                                                  NORMAL
...................................................................
TEMPERATURE (F)
 YESTERDAY
  MAXIMUM         50    243 PM  70    1949  40     10       30
  MINIMUM         14    714 AM -18    1976  15     -1        4
  AVERAGE         32                        27      5       17

PRECIPITATION (IN)
  YESTERDAY        0.00          0.65 1928   0.02  -0.02     0.00
  MONTH TO DATE    0.04                      0.65  -0.61     1.17
  SINCE OCT 1      2.66                      2.06   0.60     2.54
  SINCE JAN 1     10.54                     13.54  -3.00    17.60

DEGREE DAYS
 HEATING
  YESTERDAY       33                        38     -5       48
  MONTH TO DATE  703                       856   -153      876
  SINCE SEP 1   1585                      1702   -117     1927
  SINCE JUL 1   1609                      1762   -153     1961

 COOLING
  YESTERDAY        0                         0      0        0
  MONTH TO DATE    0                         0      0        0
  SINCE SEP 1     48                        29     19       52
  SINCE JAN 1    612                       419    193      403
...................................................................


WIND (MPH)
  HIGHEST WIND SPEED    10   HIGHEST WIND DIRECTION     S (180)
  HIGHEST GUST SPEED    11   HIGHEST GUST DIRECTION     S (180)
  AVERAGE WIND SPEED     3.3


SKY COVER
  POSSIBLE SUNSHINE  MM
  AVERAGE SKY COVER 0.0


WEATHER CONDITIONS
THE FOLLOWING WEATHER WAS RECORDED YESTERDAY.
  NO SIGNIFICANT WEATHER WAS OBSERVED.


RELATIVE HUMIDITY (PERCENT)
 HIGHEST    77           700 AM
 LOWEST     29           100 PM
 AVERAGE    53

..........................................................


THE SHERIDAN WY CLIMATE NORMALS FOR TODAY
                         NORMAL    RECORD    YEAR
 MAXIMUM TEMPERATURE (F)   39        63      2002
                                             2014
 MINIMUM TEMPERATURE (F)   14       -14      1919


SUNRISE AND SUNSET
NOVEMBER 28 2020......SUNRISE   722 AM MST   SUNSET   430 PM MST
NOVEMBER 29 2020......SUNRISE   723 AM MST   SUNSET   429 PM MST


-  INDICATES NEGATIVE NUMBERS.
R  INDICATES RECORD WAS SET OR TIED.
MM INDICATES DATA IS MISSING.
T  INDICATES TRACE AMOUNT.




$$
