000
CDUS45 KBYZ 130931
CLISHR

CLIMATE REPORT
NATIONAL WEATHER SERVICE BILLINGS MT
331 AM MDT SUN JUN 13 2021

...................................

...THE SHERIDAN WY CLIMATE SUMMARY FOR JUNE 12 2021...

CLIMATE NORMAL PERIOD 1991 TO 2020
CLIMATE RECORD PERIOD 1907 TO 2021


WEATHER ITEM   OBSERVED TIME   RECORD YEAR NORMAL DEPARTURE LAST
                VALUE   (LST)  VALUE       VALUE  FROM      YEAR
                                                  NORMAL
...................................................................
TEMPERATURE (F)
 YESTERDAY
  MAXIMUM         90    453 PM  95    2020  75     15       95
  MINIMUM         40    425 AM  31    2008  46     -6       45
  AVERAGE         65                        61      4       70

PRECIPITATION (IN)
  YESTERDAY        0.00          1.09 1970   0.07  -0.07     0.00
  MONTH TO DATE    0.02                      0.97  -0.95     0.39
  SINCE OCT 1     10.20                     10.67  -0.47     7.53
  SINCE JAN 1      7.26                      7.80  -0.54     4.58

DEGREE DAYS
 HEATING
  YESTERDAY        0                         5     -5        0
  MONTH TO DATE    6                        79    -73       28
  SINCE JUN 1      6                        79    -73       28
  SINCE JUL 1   7144                      7483   -339     7532

 COOLING
  YESTERDAY        0                         1     -1        5
  MONTH TO DATE   45                         9     36       24
  SINCE JUN 1     45                         9     36       24
  SINCE JAN 1     45                        13     32       38
...................................................................


WIND (MPH)
  HIGHEST WIND SPEED    14   HIGHEST WIND DIRECTION    NW (310)
  HIGHEST GUST SPEED    17   HIGHEST GUST DIRECTION    NW (320)
  AVERAGE WIND SPEED     4.7


SKY COVER
  POSSIBLE SUNSHINE  MM
  AVERAGE SKY COVER 0.0


WEATHER CONDITIONS
THE FOLLOWING WEATHER WAS RECORDED YESTERDAY.
  NO SIGNIFICANT WEATHER WAS OBSERVED.


RELATIVE HUMIDITY (PERCENT)
 HIGHEST    79           100 AM
 LOWEST     14           300 PM
 AVERAGE    47

..........................................................


THE SHERIDAN WY CLIMATE NORMALS FOR TODAY
                         NORMAL    RECORD    YEAR
 MAXIMUM TEMPERATURE (F)   76        98      1940
                                             2020
 MINIMUM TEMPERATURE (F)   46        31      1969


SUNRISE AND SUNSET
JUNE 13 2021..........SUNRISE   522 AM MDT   SUNSET   855 PM MDT
JUNE 14 2021..........SUNRISE   521 AM MDT   SUNSET   855 PM MDT


-  INDICATES NEGATIVE NUMBERS.
R  INDICATES RECORD WAS SET OR TIED.
MM INDICATES DATA IS MISSING.
T  INDICATES TRACE AMOUNT.




$$
