000
CDUS44 KSHV 040834
CLISHV

CLIMATE REPORT
NATIONAL WEATHER SERVICE SHREVEPORT, LA
234 AM CST FRI DEC 04 2020

...................................

...THE SHREVEPORT CLIMATE SUMMARY FOR DECEMBER 3 2020...

CLIMATE NORMAL PERIOD: 1981 TO 2010
CLIMATE RECORD PERIOD: 1874 TO 2020


WEATHER ITEM   OBSERVED TIME   RECORD YEAR NORMAL DEPARTURE LAST
                VALUE   (LST)  VALUE       VALUE  FROM      YEAR
                                                  NORMAL
...................................................................
TEMPERATURE (F)
 YESTERDAY
  MAXIMUM         48  12:21 AM  84    2005  61    -13       67
  MINIMUM         37  11:59 PM  21    1929  40     -3       30
  AVERAGE         43                        50     -7       49

PRECIPITATION (IN)
  YESTERDAY        0.08          3.16 1973   0.16  -0.08     0.00
  MONTH TO DATE    0.77                      0.48   0.29     0.00
  SINCE DEC 1      0.77                      0.48   0.29     0.00
  SINCE JAN 1     53.60                     47.12   6.48    41.05

SNOWFALL (IN)
  YESTERDAY        0.0
  MONTH TO DATE    0.0
  SINCE DEC 1      0.0
  SINCE JUL 1      0.0
  SNOW DEPTH       0

DEGREE DAYS
 HEATING
  YESTERDAY       22                        15      7       16
  MONTH TO DATE   62                        43     19       51
  SINCE DEC 1     62                        43     19       51
  SINCE JUL 1    298                       414   -116      498

 COOLING
  YESTERDAY        0                         0      0        0
  MONTH TO DATE    0                         0      0        0
  SINCE DEC 1      0                         0      0        0
  SINCE JAN 1   2641                      2474    167     2848
...................................................................


WIND (MPH)
  HIGHEST WIND SPEED    14   HIGHEST WIND DIRECTION     W (290)
  HIGHEST GUST SPEED    16   HIGHEST GUST DIRECTION    NW (300)
  AVERAGE WIND SPEED     6.2


SKY COVER
  POSSIBLE SUNSHINE  MM
  AVERAGE SKY COVER 0.9


WEATHER CONDITIONS
THE FOLLOWING WEATHER WAS RECORDED YESTERDAY.
  LIGHT RAIN
  FOG


RELATIVE HUMIDITY (PERCENT)
 HIGHEST    90           4:00 AM
 LOWEST     71           2:00 PM
 AVERAGE    81

..........................................................


THE SHREVEPORT CLIMATE NORMALS FOR TODAY
                         NORMAL    RECORD    YEAR
 MAXIMUM TEMPERATURE (F)   61        80      1922
                                             1977
                                             2017
 MINIMUM TEMPERATURE (F)   40        19      1897


SUNRISE AND SUNSET
DECEMBER  4 2020......SUNRISE   7:02 AM CST   SUNSET   5:09 PM CST
DECEMBER  5 2020......SUNRISE   7:03 AM CST   SUNSET   5:10 PM CST


-  INDICATES NEGATIVE NUMBERS.
R  INDICATES RECORD WAS SET OR TIED.
MM INDICATES DATA IS MISSING.
T  INDICATES TRACE AMOUNT.




$$
