000
CDUS46 KMFR 260832
CLISIY

CLIMATE REPORT
NATIONAL WEATHER SERVICE MEDFORD, OR
1232 AM PST THU NOV 26 2020

...................................

...THE MONTAGUE CA CLIMATE SUMMARY FOR NOVEMBER 25 2020...

CLIMATE NORMAL PERIOD 1981 TO 2010
CLIMATE RECORD PERIOD 1948 TO 2020


WEATHER ITEM   OBSERVED TIME   RECORD YEAR NORMAL DEPARTURE LAST
                VALUE   (LST)  VALUE       VALUE  FROM      YEAR
                                                  NORMAL
...................................................................
TEMPERATURE (F)
 YESTERDAY
  MAXIMUM         46    206 PM  63    1995  46      0       47
  MINIMUM         32   1159 PM  10    1993  27      5       24
  AVERAGE         39                        37      2       36

PRECIPITATION (IN)
  YESTERDAY        0.02          1.77 1961   0.09  -0.07      T
  MONTH TO DATE    1.46                      2.38  -0.92      T
  SINCE OCT 1      1.46                      3.58  -2.12     0.36
  SINCE JAN 1      8.60                     15.22  -6.62     9.74

SNOWFALL (IN)
  YESTERDAY       MM                        MM     MM       MM
  MONTH TO DATE   MM                         0.0   MM       MM
  SINCE JUL 1     MM                        MM     MM        0.0
  SNOW DEPTH      MM

DEGREE DAYS
 HEATING
  YESTERDAY       26                        28     -2       29
  MONTH TO DATE  571                       609    -38      485
  SINCE SEP 1    843                      1145   -302     1128
  SINCE JUL 1    844                      1162   -318     1133

 COOLING
  YESTERDAY        0                         0      0        0
  MONTH TO DATE    0                         0      0        0
  SINCE SEP 1    165                        43    122       81
  SINCE JAN 1    980                       544    436      745
...................................................................


WIND (MPH)
  HIGHEST WIND SPEED    16   HIGHEST WIND DIRECTION     W (280)
  HIGHEST GUST SPEED    19   HIGHEST GUST DIRECTION    NE (40)
  AVERAGE WIND SPEED     3.8


SKY COVER
  POSSIBLE SUNSHINE  MM
  AVERAGE SKY COVER 0.8


WEATHER CONDITIONS
THE FOLLOWING WEATHER WAS RECORDED YESTERDAY.
  LIGHT RAIN
  FOG


RELATIVE HUMIDITY (PERCENT)
 HIGHEST    89          1200 AM
 LOWEST     57          1200 PM

..........................................................


THE MONTAGUE CA CLIMATE NORMALS FOR TODAY
                         NORMAL    RECORD    YEAR
 MAXIMUM TEMPERATURE (F)   46        67      1950
 MINIMUM TEMPERATURE (F)   27        13      1993
                                             2015


SUNRISE AND SUNSET
NOVEMBER 26 2020......SUNRISE   713 AM PST   SUNSET   442 PM PST
NOVEMBER 27 2020......SUNRISE   714 AM PST   SUNSET   441 PM PST


-  INDICATES NEGATIVE NUMBERS.
R  INDICATES RECORD WAS SET OR TIED.
MM INDICATES DATA IS MISSING.
T  INDICATES TRACE AMOUNT.




$$
