000
CDUS46 KMTR 260835
CLISJC

CLIMATE REPORT
NATIONAL WEATHER SERVICE SAN FRANCISCO BAY AREA
1235 AM PST THU NOV 26 2020

...................................

...THE SAN JOSE AIRPORT CLIMATE SUMMARY FOR NOVEMBER 25 2020...

CLIMATE NORMAL PERIOD: 1981 TO 2010
CLIMATE RECORD PERIOD: 1893 TO 2020


WEATHER ITEM   OBSERVED TIME   RECORD YEAR NORMAL DEPARTURE LAST
                VALUE   (LST)  VALUE       VALUE  FROM      YEAR
                                                  NORMAL
...................................................................
TEMPERATURE (F)
 YESTERDAY
  MAXIMUM         62   2:35 PM  80    2017  61      1       65
  MINIMUM         43   5:48 AM  26    1895  44     -1       41
  AVERAGE         53                        53      0       53

PRECIPITATION (IN)
  YESTERDAY        T             0.89 1960   0.07  -0.07     0.00
  MONTH TO DATE    0.13                      1.34  -1.21     0.05
  SINCE OCT 1      0.13                      2.12  -1.99     0.06
  SINCE JAN 1      4.33                     12.24  -7.91    13.14

SNOWFALL (IN)
  YESTERDAY       MM                         0.0   MM       MM
  MONTH TO DATE   MM                         0.0   MM        0.0
  SINCE SEP 1     MM                         0.0   MM        0.0
  SINCE JUL 1     MM                         0.0   MM        0.0

DEGREE DAYS
 HEATING
  YESTERDAY       12                        12      0       12
  MONTH TO DATE  234                       231      3      143
  SINCE SEP 1    258                       335    -77      244
  SINCE JUL 1    258                       341    -83      245

 COOLING
  YESTERDAY        0                         0      0        0
  MONTH TO DATE    1                         0      1        0
  SINCE SEP 1    377                       153    224      209
  SINCE JAN 1   1070                       636    434      766
...................................................................


WIND (MPH)
  RESULTANT WIND SPEED   5   RESULTANT WIND DIRECTION  NW (320)
  HIGHEST WIND SPEED    17   HIGHEST WIND DIRECTION     N (340)
  HIGHEST GUST SPEED    24   HIGHEST GUST DIRECTION     N (350)
  AVERAGE WIND SPEED     4.9


SKY COVER
  POSSIBLE SUNSHINE  MM
  AVERAGE SKY COVER 0.3


WEATHER CONDITIONS
THE FOLLOWING WEATHER WAS RECORDED YESTERDAY.
  FOG


RELATIVE HUMIDITY (PERCENT)
 HIGHEST    90           8:00 AM
 LOWEST     41           3:00 PM
 AVERAGE    66

..........................................................


THE SAN JOSE AIRPORT CLIMATE NORMALS FOR TODAY
                         NORMAL    RECORD    YEAR
 MAXIMUM TEMPERATURE (F)   61        79      1959
 MINIMUM TEMPERATURE (F)   44        25      1896


SUNRISE AND SUNSET
NOVEMBER 26 2020......SUNRISE   6:59 AM PST   SUNSET   4:51 PM PST
NOVEMBER 27 2020......SUNRISE   7:00 AM PST   SUNSET   4:51 PM PST


-  INDICATES NEGATIVE NUMBERS.
R  INDICATES RECORD WAS SET OR TIED.
MM INDICATES DATA IS MISSING.
T  INDICATES TRACE AMOUNT.




$$
