000
CDUS44 KSJT 282326
CLISJT

CLIMATE REPORT
NATIONAL WEATHER SERVICE SAN ANGELO TX
526 PM CST SAT NOV 28 2020

...................................

...THE SAN ANGELO CLIMATE SUMMARY FOR NOVEMBER 28 2020...
VALID TODAY AS OF 0525 PM LOCAL TIME.

CLIMATE NORMAL PERIOD: 1981 TO 2010
CLIMATE RECORD PERIOD: 1907 TO 2020


WEATHER ITEM   OBSERVED TIME   RECORD YEAR NORMAL DEPARTURE LAST
                VALUE   (LST)  VALUE       VALUE  FROM      YEAR
                                                  NORMAL
...................................................................
TEMPERATURE (F)
 TODAY
  MAXIMUM         53   2:13 AM  89    1949  64    -11       50
  MINIMUM         45  11:26 AM  20    1911  37      8       40
                                      1942
  AVERAGE         49                        50     -1       45

PRECIPITATION (IN)
  TODAY            0.03          0.87 1919   0.03   0.00     0.22
  MONTH TO DATE    0.03                      1.09  -1.06     1.13
  SINCE SEP 1      5.40                      6.28  -0.88     1.93
  SINCE JAN 1     19.00                     20.35  -1.35    16.42

SNOWFALL (IN)
  TODAY            0.0           4.0  2001   0.0    0.0      0.0
  MONTH TO DATE    0.0                       0.3   -0.3       T
  SINCE SEP 1      0.3                       0.3    0.0       T
  SINCE JUL 1      0.3                       0.3    0.0       T

DEGREE DAYS
 HEATING
  TODAY           16                        15      1       20
  MONTH TO DATE  146                       279   -133      307
  SINCE SEP 1    294                       370    -76      465
  SINCE JUL 1    294                       370    -76      465

 COOLING
  TODAY            0                         0      0        0
  MONTH TO DATE   17                        15      2       17
  SINCE SEP 1    438                       463    -25      755
  SINCE JAN 1   2970                      2499    471     2935
...................................................................


WIND (MPH)
  HIGHEST WIND SPEED    15   HIGHEST WIND DIRECTION    NW (330)
  HIGHEST GUST SPEED    19   HIGHEST GUST DIRECTION    NE (60)
  AVERAGE WIND SPEED     9.6


SKY COVER
  POSSIBLE SUNSHINE  MM
  AVERAGE SKY COVER 1.0


WEATHER CONDITIONS
THE FOLLOWING WEATHER WAS RECORDED TODAY.
  LIGHT RAIN
  FOG
  HAZE


RELATIVE HUMIDITY (PERCENT)
 HIGHEST    90           1:00 PM
 LOWEST     59           1:00 AM
 AVERAGE    75

..........................................................


THE SAN ANGELO CLIMATE NORMALS FOR TOMORROW
                         NORMAL    RECORD    YEAR
 MAXIMUM TEMPERATURE (F)   63        81      1929
                                             1975
                                             2018
 MINIMUM TEMPERATURE (F)   37        12      1911


SUNRISE AND SUNSET
NOVEMBER 28 2020......SUNRISE   7:21 AM CST   SUNSET   5:39 PM CST
NOVEMBER 29 2020......SUNRISE   7:22 AM CST   SUNSET   5:39 PM CST


-  INDICATES NEGATIVE NUMBERS.
R  INDICATES RECORD WAS SET OR TIED.
MM INDICATES DATA IS MISSING.
T  INDICATES TRACE AMOUNT.




$$
