000
CDUS45 KSLC 290045
CLISLC


CLIMATE REPORT
NATIONAL WEATHER SERVICE SALT LAKE CITY UT
545 PM MST SAT NOV 28 2020


...................................

...THE SALT LAKE CITY UT CLIMATE SUMMARY FOR NOVEMBER 28 2020...
VALID TODAY AS OF 0500 PM LOCAL TIME.

CLIMATE NORMAL PERIOD 1981 TO 2010
CLIMATE RECORD PERIOD 1874 TO 2020


WEATHER ITEM   OBSERVED TIME   RECORD YEAR NORMAL DEPARTURE LAST
                VALUE   (LST)  VALUE       VALUE  FROM      YEAR
                                                  NORMAL
..................................................................
TEMPERATURE (F)
 TODAY
  MAXIMUM         45    303 PM  66    2014  43      2       38
                                      1932
  MINIMUM         24    752 AM  -2    1896  26     -2       32
  AVERAGE         35                        34      1       35

PRECIPITATION (IN)
  TODAY            0.00          0.57 2010   0.05  -0.05     0.44
  MONTH TO DATE    0.69                      1.36  -0.67     0.79
  SINCE OCT 1      0.97                      2.88  -1.91     1.28
  SINCE JAN 1      8.64                     14.60  -5.96    18.09

SNOWFALL (IN)
  TODAY            0.0           8.6  2010   0.3   -0.3      4.5
  MONTH TO DATE    4.7                       6.8   -2.1      6.7
  SINCE OCT 1      5.7                       8.2   -2.5      6.7
  SINCE JUL 1      5.7                       8.2   -2.5      6.7
  SNOW DEPTH       0

DEGREE DAYS
 HEATING
  TODAY           30                        31     -1       30
  MONTH TO DATE  606                       688    -82      622
  SINCE SEP 1    953                      1151   -198     1272
  SINCE JUL 1    953                      1156   -203     1272

 COOLING
  TODAY            0                         0      0        0
  MONTH TO DATE    0                         0      0        0
  SINCE SEP 1    216                       124     92      177
  SINCE JAN 1   1653                      1160    493     1419
..................................................................


WIND (MPH)
  RESULTANT WIND SPEED   4   RESULTANT WIND DIRECTION  SE (140)
  HIGHEST WIND SPEED    12   HIGHEST WIND DIRECTION     N (350)
  HIGHEST GUST SPEED    13   HIGHEST GUST DIRECTION     N (360)
  AVERAGE WIND SPEED     4.9


SKY COVER
  POSSIBLE SUNSHINE  MM
  AVERAGE SKY COVER 0.0


WEATHER CONDITIONS
 THE FOLLOWING WEATHER WAS RECORDED TODAY.
  NO SIGNIFICANT WEATHER WAS OBSERVED.


RELATIVE HUMIDITY (PERCENT)
 HIGHEST    81           200 AM
 LOWEST     37           300 PM
 AVERAGE    59

..........................................................


THE SALT LAKE CITY UT CLIMATE NORMALS FOR TOMORROW
                         NORMAL    RECORD    YEAR
 MAXIMUM TEMPERATURE (F)   42        66      2014
 MINIMUM TEMPERATURE (F)   26        -2      1896


SUNRISE AND SUNSET
NOVEMBER 28 2020......SUNRISE   730 AM MST   SUNSET   502 PM MST
NOVEMBER 29 2020......SUNRISE   731 AM MST   SUNSET   501 PM MST


-  INDICATES NEGATIVE NUMBERS.
R  INDICATES RECORD WAS SET OR TIED.
MM INDICATES DATA IS MISSING.
T  INDICATES TRACE AMOUNT.




$$
